CRAN Package Check Results for Package InterfaceqPCR

Last updated on 2025-04-29 18:50:45 CEST.

Flavor Version Tinstall Tcheck Ttotal Status Flags
r-devel-linux-x86_64-debian-clang 1.0.1 12.45 87.31 99.76 NOTE
r-devel-linux-x86_64-debian-gcc 1.0.1 10.14 68.38 78.52 NOTE
r-devel-linux-x86_64-fedora-clang 1.0.1 171.78 OK
r-devel-linux-x86_64-fedora-gcc 1.0.1 163.07 OK
r-devel-windows-x86_64 1.0.1 10.00 82.00 92.00 OK
r-patched-linux-x86_64 1.0.1 12.02 84.20 96.22 OK
r-release-linux-x86_64 1.0.1 11.86 84.11 95.97 OK
r-release-macos-arm64 1.0.1 98.00 OK
r-release-macos-x86_64 1.0.1 204.00 OK
r-release-windows-x86_64 1.0.1 11.00 87.00 98.00 OK
r-oldrel-macos-arm64 1.0.1 57.00 OK
r-oldrel-macos-x86_64 1.0.1 69.00 OK
r-oldrel-windows-x86_64 1.0.1 12.00 92.00 104.00 OK

Check Details

Version: 1.0.1
Check: CRAN incoming feasibility
Result: NOTE Maintainer: ‘Olivier LE GOFF <olivierlegoff1@gmail.com>’ No Authors@R field in DESCRIPTION. Please add one, modifying Authors@R: person(given = c("Olivier", "LE"), family = "GOFF", role = c("aut", "cre"), email = "olivierlegoff1@gmail.com") as necessary. Package CITATION file contains call(s) to old-style personList() or as.personList(). Please use c() on person objects instead. Package CITATION file contains call(s) to old-style citEntry(). Please use bibentry() instead. Flavors: r-devel-linux-x86_64-debian-clang, r-devel-linux-x86_64-debian-gcc