CRAN Package Check Results for Package INTRIGUE

Last updated on 2025-04-29 18:50:45 CEST.

Flavor Version Tinstall Tcheck Ttotal Status Flags
r-devel-linux-x86_64-debian-clang 0.1.0 2.15 26.25 28.40 OK
r-devel-linux-x86_64-debian-gcc 0.1.0 1.98 19.97 21.95 OK
r-devel-linux-x86_64-fedora-clang 0.1.0 44.39 NOTE
r-devel-linux-x86_64-fedora-gcc 0.1.0 41.23 NOTE
r-devel-windows-x86_64 0.1.0 5.00 45.00 50.00 OK
r-patched-linux-x86_64 0.1.0 2.41 24.39 26.80 OK
r-release-linux-x86_64 0.1.0 2.58 24.38 26.96 OK
r-release-macos-arm64 0.1.0 24.00 OK
r-release-macos-x86_64 0.1.0 31.00 OK
r-release-windows-x86_64 0.1.0 4.00 46.00 50.00 OK
r-oldrel-macos-arm64 0.1.0 18.00 OK
r-oldrel-macos-x86_64 0.1.0 28.00 OK
r-oldrel-windows-x86_64 0.1.0 4.00 50.00 54.00 OK

Check Details

Version: 0.1.0
Check: dependencies in R code
Result: NOTE Namespace in Imports field not imported from: ‘dplyr’ All declared Imports should be used. Flavors: r-devel-linux-x86_64-fedora-clang, r-devel-linux-x86_64-fedora-gcc