CRAN Package Check Results for Package IBrokers

Last updated on 2025-04-29 18:50:45 CEST.

Flavor Version Tinstall Tcheck Ttotal Status Flags
r-devel-linux-x86_64-debian-clang 0.10-2 6.71 50.98 57.69 NOTE
r-devel-linux-x86_64-debian-gcc 0.10-2 4.40 38.48 42.88 NOTE
r-devel-linux-x86_64-fedora-clang 0.10-2 89.21 NOTE
r-devel-linux-x86_64-fedora-gcc 0.10-2 99.56 NOTE
r-devel-windows-x86_64 0.10-2 8.00 104.00 112.00 NOTE
r-patched-linux-x86_64 0.10-2 5.91 49.17 55.08 NOTE
r-release-linux-x86_64 0.10-2 5.16 48.59 53.75 NOTE
r-release-macos-arm64 0.10-2 51.00 NOTE
r-release-macos-x86_64 0.10-2 72.00 NOTE
r-release-windows-x86_64 0.10-2 7.00 105.00 112.00 NOTE
r-oldrel-macos-arm64 0.10-2 38.00 NOTE
r-oldrel-macos-x86_64 0.10-2 56.00 NOTE
r-oldrel-windows-x86_64 0.10-2 9.00 109.00 118.00 NOTE

Check Details

Version: 0.10-2
Check: Rd files
Result: NOTE checkRd: (-1) setServerLogLevel.Rd:20: Lost braces in \enumerate; meant \describe ? checkRd: (-1) setServerLogLevel.Rd:21: Lost braces in \enumerate; meant \describe ? checkRd: (-1) setServerLogLevel.Rd:22: Lost braces in \enumerate; meant \describe ? checkRd: (-1) setServerLogLevel.Rd:23: Lost braces in \enumerate; meant \describe ? checkRd: (-1) setServerLogLevel.Rd:24: Lost braces in \enumerate; meant \describe ? Flavors: r-devel-linux-x86_64-debian-clang, r-devel-linux-x86_64-debian-gcc, r-devel-linux-x86_64-fedora-clang, r-devel-linux-x86_64-fedora-gcc, r-devel-windows-x86_64, r-patched-linux-x86_64, r-release-linux-x86_64, r-release-macos-arm64, r-release-macos-x86_64, r-release-windows-x86_64, r-oldrel-macos-arm64, r-oldrel-macos-x86_64, r-oldrel-windows-x86_64