Last updated on 2025-04-29 06:49:44 CEST.
Flavor | Version | Tinstall | Tcheck | Ttotal | Status | Flags |
---|---|---|---|---|---|---|
r-devel-linux-x86_64-debian-clang | 0.1.1 | 30.10 | 256.02 | 286.12 | OK | |
r-devel-linux-x86_64-debian-gcc | 0.1.1 | 23.48 | 187.63 | 211.11 | NOTE | |
r-devel-linux-x86_64-fedora-clang | 0.1.1 | 489.08 | OK | |||
r-devel-linux-x86_64-fedora-gcc | 0.1.1 | 416.63 | OK | |||
r-devel-windows-x86_64 | 0.1.1 | 28.00 | 226.00 | 254.00 | OK | |
r-patched-linux-x86_64 | 0.1.1 | 28.42 | 247.56 | 275.98 | OK | |
r-release-linux-x86_64 | 0.1.1 | 27.68 | 248.75 | 276.43 | OK | |
r-release-macos-arm64 | 0.1.1 | 143.00 | OK | |||
r-release-macos-x86_64 | 0.1.1 | 255.00 | OK | |||
r-release-windows-x86_64 | 0.1.1 | 30.00 | 228.00 | 258.00 | OK | |
r-oldrel-macos-arm64 | 0.1.1 | 121.00 | NOTE | |||
r-oldrel-macos-x86_64 | 0.1.1 | 212.00 | NOTE | |||
r-oldrel-windows-x86_64 | 0.1.1 | 40.00 | 313.00 | 353.00 | NOTE |
Version: 0.1.1
Check: examples
Result: NOTE
Examples with CPU (user + system) or elapsed time > 5s
user system elapsed
FourHnull 3.825 0.206 5.519
FourHbootstrapA 3.994 0.024 5.434
Flavor: r-devel-linux-x86_64-debian-gcc
Version: 0.1.1
Check: package dependencies
Result: NOTE
Package suggested but not available for checking: ‘microViz’
Flavors: r-oldrel-macos-arm64, r-oldrel-macos-x86_64, r-oldrel-windows-x86_64