Last updated on 2025-04-29 18:50:44 CEST.
Flavor | Version | Tinstall | Tcheck | Ttotal | Status | Flags |
---|---|---|---|---|---|---|
r-devel-linux-x86_64-debian-clang | 0.1.2 | 35.21 | 97.77 | 132.98 | NOTE | |
r-devel-linux-x86_64-debian-gcc | 0.1.2 | 27.31 | 92.82 | 120.13 | NOTE | |
r-devel-linux-x86_64-fedora-clang | 0.1.2 | 223.50 | OK | |||
r-devel-linux-x86_64-fedora-gcc | 0.1.2 | 275.53 | OK | |||
r-devel-windows-x86_64 | 0.1.2 | 40.00 | 136.00 | 176.00 | OK | |
r-patched-linux-x86_64 | 0.1.2 | 40.74 | 117.04 | 157.78 | OK | |
r-release-linux-x86_64 | 0.1.2 | 37.31 | 117.06 | 154.37 | OK | |
r-release-macos-arm64 | 0.1.2 | 62.00 | OK | |||
r-release-macos-x86_64 | 0.1.2 | 176.00 | OK | |||
r-release-windows-x86_64 | 0.1.2 | 40.00 | 137.00 | 177.00 | OK | |
r-oldrel-macos-arm64 | 0.1.2 | 59.00 | OK | |||
r-oldrel-macos-x86_64 | 0.1.2 | 77.00 | OK | |||
r-oldrel-windows-x86_64 | 0.1.2 | 48.00 | 153.00 | 201.00 | OK |
Version: 0.1.2
Check: examples
Result: NOTE
Examples with CPU (user + system) or elapsed time > 5s
user system elapsed
HTT 6.447 0.088 7.832
ENB 4.039 0.069 5.028
Flavor: r-devel-linux-x86_64-debian-clang
Version: 0.1.2
Check: examples
Result: NOTE
Examples with CPU (user + system) or elapsed time > 5s
user system elapsed
HTT 10.416 0.103 12.804
ENB 6.441 0.110 7.589
Flavor: r-devel-linux-x86_64-debian-gcc