Last updated on 2025-04-30 06:51:19 CEST.
Flavor | Version | Tinstall | Tcheck | Ttotal | Status | Flags |
---|---|---|---|---|---|---|
r-devel-linux-x86_64-debian-clang | 1.0.5-1 | 112.25 | 84.82 | 197.07 | NOTE | |
r-devel-linux-x86_64-debian-gcc | 1.0.5-1 | 87.21 | 72.28 | 159.49 | OK | |
r-devel-linux-x86_64-fedora-clang | 1.0.5-1 | 323.47 | OK | |||
r-devel-linux-x86_64-fedora-gcc | 1.0.5-1 | 355.20 | OK | |||
r-devel-windows-x86_64 | 1.0.5-1 | 123.00 | 123.00 | 246.00 | OK | |
r-patched-linux-x86_64 | 1.0.5-1 | 128.70 | 94.93 | 223.63 | OK | |
r-release-linux-x86_64 | 1.0.5-1 | 126.13 | 95.25 | 221.38 | OK | |
r-release-macos-arm64 | 1.0.5-1 | 94.00 | OK | |||
r-release-macos-x86_64 | 1.0.5-1 | 110.00 | OK | |||
r-release-windows-x86_64 | 1.0.5-1 | 125.00 | 125.00 | 250.00 | OK | |
r-oldrel-macos-arm64 | 1.0.5-1 | 92.00 | NOTE | |||
r-oldrel-macos-x86_64 | 1.0.5-1 | 113.00 | NOTE | |||
r-oldrel-windows-x86_64 | 1.0.5-1 | 137.00 | 158.00 | 295.00 | OK |
Version: 1.0.5-1
Check: examples
Result: NOTE
Examples with CPU (user + system) or elapsed time > 5s
user system elapsed
predict.tspca 4.282 0.014 5.201
Flavor: r-devel-linux-x86_64-debian-clang
Version: 1.0.5-1
Check: installed package size
Result: NOTE
installed size is 36.2Mb
sub-directories of 1Mb or more:
libs 35.2Mb
Flavors: r-oldrel-macos-arm64, r-oldrel-macos-x86_64