Last updated on 2025-04-30 18:51:32 CEST.
Flavor | Version | Tinstall | Tcheck | Ttotal | Status | Flags |
---|---|---|---|---|---|---|
r-devel-linux-x86_64-debian-clang | 0.1.1 | 6.77 | 58.24 | 65.01 | NOTE | |
r-devel-linux-x86_64-debian-gcc | 0.1.1 | 4.67 | 44.03 | 48.70 | NOTE | |
r-devel-linux-x86_64-fedora-clang | 0.1.1 | 103.30 | OK | |||
r-devel-linux-x86_64-fedora-gcc | 0.1.1 | 97.03 | OK | |||
r-devel-windows-x86_64 | 0.1.1 | 7.00 | 78.00 | 85.00 | OK | |
r-patched-linux-x86_64 | 0.1.1 | 6.92 | 55.59 | 62.51 | OK | |
r-release-linux-x86_64 | 0.1.1 | 6.82 | 56.16 | 62.98 | OK | |
r-release-macos-arm64 | 0.1.1 | 40.00 | OK | |||
r-release-macos-x86_64 | 0.1.1 | 57.00 | OK | |||
r-release-windows-x86_64 | 0.1.1 | 7.00 | 78.00 | 85.00 | OK | |
r-oldrel-macos-arm64 | 0.1.1 | 31.00 | OK | |||
r-oldrel-macos-x86_64 | 0.1.1 | 51.00 | OK | |||
r-oldrel-windows-x86_64 | 0.1.1 | 9.00 | 84.00 | 93.00 | OK |
Version: 0.1.1
Check: CRAN incoming feasibility
Result: NOTE
Maintainer: ‘Ran Zhao <Zhaoran@mail.sdu.edu.cn>’
The Description field contains
al. (2023) <arXiv:2306.03317>. In this package, we also provide the
Please refer to arXiv e-prints via their arXiv DOI <doi:10.48550/arXiv.YYMM.NNNNN>.
Flavors: r-devel-linux-x86_64-debian-clang, r-devel-linux-x86_64-debian-gcc