Last updated on 2025-11-03 17:49:50 CET.
| Flavor | Version | Tinstall | Tcheck | Ttotal | Status | Flags |
|---|---|---|---|---|---|---|
| r-devel-linux-x86_64-debian-clang | 1.5 | 2.07 | 48.56 | 50.63 | NOTE | |
| r-devel-linux-x86_64-debian-gcc | 1.5 | 1.67 | 36.15 | 37.82 | NOTE | |
| r-devel-linux-x86_64-fedora-clang | 1.5 | 76.10 | NOTE | |||
| r-devel-linux-x86_64-fedora-gcc | 1.5 | 86.17 | NOTE | |||
| r-devel-windows-x86_64 | 1.5 | 5.00 | 69.00 | 74.00 | NOTE | |
| r-patched-linux-x86_64 | 1.5 | 1.93 | 45.47 | 47.40 | NOTE | |
| r-release-linux-x86_64 | 1.5 | 2.34 | 45.47 | 47.81 | NOTE | |
| r-release-macos-arm64 | 1.5 | 1.00 | 31.00 | 32.00 | NOTE | |
| r-release-macos-x86_64 | 1.5 | 2.00 | 56.00 | 58.00 | NOTE | |
| r-release-windows-x86_64 | 1.5 | 5.00 | 65.00 | 70.00 | NOTE | |
| r-oldrel-macos-arm64 | 1.5 | 1.00 | 37.00 | 38.00 | NOTE | |
| r-oldrel-macos-x86_64 | 1.5 | 2.00 | 48.00 | 50.00 | NOTE | |
| r-oldrel-windows-x86_64 | 1.5 | 6.00 | 80.00 | 86.00 | NOTE |
Version: 1.5
Check: DESCRIPTION meta-information
Result: NOTE
Missing dependency on R >= 4.1.0 because package code uses the pipe
|> or function shorthand \(...) syntax added in R 4.1.0.
File(s) using such syntax:
‘gld_read_lattes_zip.R’
Flavors: r-devel-linux-x86_64-debian-clang, r-devel-linux-x86_64-debian-gcc, r-devel-linux-x86_64-fedora-clang, r-devel-linux-x86_64-fedora-gcc, r-devel-windows-x86_64, r-patched-linux-x86_64, r-release-linux-x86_64, r-release-macos-arm64, r-release-macos-x86_64, r-release-windows-x86_64
Version: 1.5
Check: installed package size
Result: NOTE
installed size is 5.1Mb
sub-directories of 1Mb or more:
extdata 4.9Mb
Flavors: r-oldrel-macos-arm64, r-oldrel-macos-x86_64, r-oldrel-windows-x86_64