Last updated on 2025-04-29 06:49:44 CEST.
Flavor | Version | Tinstall | Tcheck | Ttotal | Status | Flags |
---|---|---|---|---|---|---|
r-devel-linux-x86_64-debian-clang | 1.0.2 | 1.59 | 17.65 | 19.24 | OK | |
r-devel-linux-x86_64-debian-gcc | 1.0.2 | 1.34 | 14.53 | 15.87 | NOTE | |
r-devel-linux-x86_64-fedora-clang | 1.0.2 | 31.13 | OK | |||
r-devel-linux-x86_64-fedora-gcc | 1.0.2 | 29.76 | OK | |||
r-devel-windows-x86_64 | 1.0.2 | 2.00 | 36.00 | 38.00 | OK | |
r-patched-linux-x86_64 | 1.0.2 | 1.80 | 17.23 | 19.03 | OK | |
r-release-linux-x86_64 | 1.0.2 | 1.61 | 17.11 | 18.72 | OK | |
r-release-macos-arm64 | 1.0.2 | 15.00 | OK | |||
r-release-macos-x86_64 | 1.0.2 | 23.00 | OK | |||
r-release-windows-x86_64 | 1.0.2 | 3.00 | 37.00 | 40.00 | OK | |
r-oldrel-macos-arm64 | 1.0.2 | 14.00 | NOTE | |||
r-oldrel-macos-x86_64 | 1.0.2 | 20.00 | NOTE | |||
r-oldrel-windows-x86_64 | 1.0.2 | 3.00 | 37.00 | 40.00 | NOTE |
Version: 1.0.2
Check: CRAN incoming feasibility
Result: NOTE
Maintainer: ‘Aboubacar Y. Touré <aboubacaryacoubatoure.ussgb@gmail.com>’
No Authors@R field in DESCRIPTION.
Please add one, modifying
Authors@R: c(person(given = c("Aboubacar", "Y."),
family = "Touré",
role = c("aut", "cre"),
email = "aboubacaryacoubatoure.ussgb@gmail.com"),
person(given = c("Célestin", "C."),
family = "Kokonendji",
role = "aut"))
as necessary.
Flavor: r-devel-linux-x86_64-debian-gcc
Version: 1.0.2
Check: LazyData
Result: NOTE
'LazyData' is specified without a 'data' directory
Flavors: r-oldrel-macos-arm64, r-oldrel-macos-x86_64, r-oldrel-windows-x86_64