Last updated on 2025-04-30 06:51:19 CEST.
Flavor | Version | Tinstall | Tcheck | Ttotal | Status | Flags |
---|---|---|---|---|---|---|
r-devel-linux-x86_64-debian-clang | 0.1 | 2.83 | 37.83 | 40.66 | NOTE | |
r-devel-linux-x86_64-debian-gcc | 0.1 | 2.37 | 27.19 | 29.56 | NOTE | |
r-devel-linux-x86_64-fedora-clang | 0.1 | 65.05 | OK | |||
r-devel-linux-x86_64-fedora-gcc | 0.1 | 62.65 | OK | |||
r-devel-windows-x86_64 | 0.1 | 4.00 | 61.00 | 65.00 | OK | |
r-patched-linux-x86_64 | 0.1 | 2.40 | 35.90 | 38.30 | OK | |
r-release-linux-x86_64 | 0.1 | 2.61 | 36.38 | 38.99 | OK | |
r-release-macos-arm64 | 0.1 | 23.00 | OK | |||
r-release-macos-x86_64 | 0.1 | 38.00 | OK | |||
r-release-windows-x86_64 | 0.1 | 4.00 | 59.00 | 63.00 | OK | |
r-oldrel-macos-arm64 | 0.1 | 22.00 | OK | |||
r-oldrel-macos-x86_64 | 0.1 | 32.00 | OK | |||
r-oldrel-windows-x86_64 | 0.1 | 5.00 | 69.00 | 74.00 | OK |
Version: 0.1
Check: CRAN incoming feasibility
Result: NOTE
Maintainer: ‘Baosheng Liang <liangbsunc@gmail.com>’
No Authors@R field in DESCRIPTION.
Please add one, modifying
Authors@R: c(person(given = "Baosheng",
family = "Liang",
role = c("aut", "cre"),
email = "liangbsunc@gmail.com"),
person(given = "Yuanjia",
family = "Wang",
role = "aut"),
person(given = "Donglin",
family = "Zeng",
role = "aut"))
as necessary.
Flavors: r-devel-linux-x86_64-debian-clang, r-devel-linux-x86_64-debian-gcc
Version: 0.1
Check: examples
Result: NOTE
Examples with CPU (user + system) or elapsed time > 5s
user system elapsed
EM_PAVA_Func 6.215 0.039 8.147
Sieve_NPMLE_Bootstrap 4.141 0.000 5.886
Flavor: r-devel-linux-x86_64-debian-clang