Last updated on 2025-04-29 18:50:44 CEST.
Flavor | Version | Tinstall | Tcheck | Ttotal | Status | Flags |
---|---|---|---|---|---|---|
r-devel-linux-x86_64-debian-clang | 0.1-7 | 47.30 | 190.43 | 237.73 | NOTE | |
r-devel-linux-x86_64-debian-gcc | 0.1-7 | 31.59 | 118.61 | 150.20 | NOTE | |
r-devel-linux-x86_64-fedora-clang | 0.1-7 | 406.46 | OK | |||
r-devel-linux-x86_64-fedora-gcc | 0.1-7 | 346.49 | OK | |||
r-devel-windows-x86_64 | 0.1-7 | 52.00 | 170.00 | 222.00 | NOTE | |
r-patched-linux-x86_64 | 0.1-7 | 42.87 | 165.93 | 208.80 | NOTE | |
r-release-linux-x86_64 | 0.1-7 | 44.53 | 165.89 | 210.42 | NOTE | |
r-release-macos-arm64 | 0.1-7 | 88.00 | OK | |||
r-release-macos-x86_64 | 0.1-7 | 186.00 | OK | |||
r-release-windows-x86_64 | 0.1-7 | 50.00 | 180.00 | 230.00 | NOTE | |
r-oldrel-macos-arm64 | 0.1-7 | 90.00 | OK | |||
r-oldrel-macos-x86_64 | 0.1-7 | 127.00 | OK | |||
r-oldrel-windows-x86_64 | 0.1-7 | 61.00 | 231.00 | 292.00 | OK |
Version: 0.1-7
Check: CRAN incoming feasibility
Result: NOTE
Maintainer: ‘Gunther Schauberger <gunther.schauberger@tum.de>’
No Authors@R field in DESCRIPTION.
Please add one, modifying
Authors@R: person(given = "Gunther",
family = "Schauberger",
role = c("aut", "cre"),
email = "gunther.schauberger@tum.de")
as necessary.
Flavors: r-devel-linux-x86_64-debian-clang, r-devel-linux-x86_64-debian-gcc
Version: 0.1-7
Check: Rd cross-references
Result: NOTE
Found the following Rd file(s) with Rd \link{} targets missing package
anchors:
trait.posterior.Rd: pcubature
Please provide package anchors for all Rd \link{} targets not in the
package itself and the base packages.
Flavors: r-devel-linux-x86_64-debian-clang, r-devel-linux-x86_64-debian-gcc, r-devel-windows-x86_64, r-patched-linux-x86_64, r-release-linux-x86_64, r-release-windows-x86_64
Version: 0.1-7
Check: examples
Result: NOTE
Examples with CPU (user + system) or elapsed time > 5s
user system elapsed
GPCMlasso 8.148 0.091 5.811
plot.GPCMlasso 8.001 0.129 5.989
print.GPCMlasso 7.988 0.098 5.436
trait.posterior 7.964 0.090 5.464
tenseness_small 7.800 0.062 5.149
predict.GPCMlasso 7.701 0.083 4.904
ctrl_GPCMlasso 7.614 0.136 5.490
GPCMlasso-package 7.483 0.112 5.673
Flavor: r-devel-linux-x86_64-debian-clang