Last updated on 2025-04-29 18:50:42 CEST.
Flavor | Version | Tinstall | Tcheck | Ttotal | Status | Flags |
---|---|---|---|---|---|---|
r-devel-linux-x86_64-debian-clang | 1.3 | 15.97 | 115.19 | 131.16 | NOTE | |
r-devel-linux-x86_64-debian-gcc | 1.3 | 11.43 | 81.48 | 92.91 | NOTE | |
r-devel-linux-x86_64-fedora-clang | 1.3 | 189.54 | OK | |||
r-devel-linux-x86_64-fedora-gcc | 1.3 | 185.91 | OK | |||
r-devel-windows-x86_64 | 1.3 | 18.00 | 118.00 | 136.00 | OK | |
r-patched-linux-x86_64 | 1.3 | 14.22 | 105.84 | 120.06 | OK | |
r-release-linux-x86_64 | 1.3 | 14.81 | 106.10 | 120.91 | OK | |
r-release-macos-arm64 | 1.3 | 51.00 | OK | |||
r-release-macos-x86_64 | 1.3 | 103.00 | OK | |||
r-release-windows-x86_64 | 1.3 | 20.00 | 117.00 | 137.00 | OK | |
r-oldrel-macos-arm64 | 1.3 | 55.00 | OK | |||
r-oldrel-macos-x86_64 | 1.3 | 80.00 | OK | |||
r-oldrel-windows-x86_64 | 1.3 | 22.00 | 150.00 | 172.00 | OK |
Version: 1.3
Check: CRAN incoming feasibility
Result: NOTE
Maintainer: ‘Philippe Courcoux <philippe.courcoux@oniris-nantes.fr>’
No Authors@R field in DESCRIPTION.
Please add one, modifying
Authors@R: person(given = "Philippe",
family = "Courcoux",
role = c("aut", "cre"),
email = "philippe.courcoux@oniris-nantes.fr")
as necessary.
Flavors: r-devel-linux-x86_64-debian-clang, r-devel-linux-x86_64-debian-gcc