Last updated on 2025-11-03 05:50:41 CET.
| Flavor | Version | Tinstall | Tcheck | Ttotal | Status | Flags |
|---|---|---|---|---|---|---|
| r-devel-linux-x86_64-debian-clang | 0.6.2 | 79.10 | 63.45 | 142.55 | OK | |
| r-devel-linux-x86_64-debian-gcc | 0.6.2 | 69.42 | 47.53 | 116.95 | OK | |
| r-devel-linux-x86_64-fedora-clang | 0.6.2 | 137.00 | 71.16 | 208.16 | OK | |
| r-devel-linux-x86_64-fedora-gcc | 0.6.2 | 321.00 | -41.69 | 279.31 | OK | |
| r-devel-windows-x86_64 | 0.6.2 | 81.00 | 111.00 | 192.00 | OK | |
| r-patched-linux-x86_64 | 0.6.2 | 97.16 | 67.47 | 164.63 | OK | |
| r-release-linux-x86_64 | 0.6.2 | 92.17 | 67.12 | 159.29 | OK | |
| r-release-macos-arm64 | 0.6.2 | 33.00 | 28.00 | 61.00 | OK | |
| r-release-macos-x86_64 | 0.6.2 | 70.00 | 58.00 | 128.00 | OK | |
| r-release-windows-x86_64 | 0.6.2 | 75.00 | 106.00 | 181.00 | OK | |
| r-oldrel-macos-arm64 | 0.6.2 | 48.00 | 62.00 | 110.00 | NOTE | |
| r-oldrel-macos-x86_64 | 0.6.2 | 66.00 | 68.00 | 134.00 | NOTE | |
| r-oldrel-windows-x86_64 | 0.6.2 | 96.00 | 135.00 | 231.00 | OK |
Version: 0.6.2
Check: installed package size
Result: NOTE
installed size is 45.4Mb
sub-directories of 1Mb or more:
libs 44.9Mb
Flavors: r-oldrel-macos-arm64, r-oldrel-macos-x86_64