Last updated on 2025-04-29 18:50:42 CEST.
Flavor | Version | Tinstall | Tcheck | Ttotal | Status | Flags |
---|---|---|---|---|---|---|
r-devel-linux-x86_64-debian-clang | 0.4-1 | 13.30 | 72.37 | 85.67 | NOTE | |
r-devel-linux-x86_64-debian-gcc | 0.4-1 | 8.06 | 50.98 | 59.04 | NOTE | |
r-devel-linux-x86_64-fedora-clang | 0.4-1 | 135.47 | NOTE | |||
r-devel-linux-x86_64-fedora-gcc | 0.4-1 | 127.21 | NOTE | |||
r-devel-windows-x86_64 | 0.4-1 | 13.00 | 86.00 | 99.00 | NOTE | |
r-patched-linux-x86_64 | 0.4-1 | 13.02 | 67.96 | 80.98 | NOTE | |
r-release-linux-x86_64 | 0.4-1 | 10.49 | 67.82 | 78.31 | NOTE | |
r-release-macos-arm64 | 0.4-1 | 42.00 | NOTE | |||
r-release-macos-x86_64 | 0.4-1 | 70.00 | NOTE | |||
r-release-windows-x86_64 | 0.4-1 | 13.00 | 85.00 | 98.00 | NOTE | |
r-oldrel-macos-arm64 | 0.4-1 | 37.00 | NOTE | |||
r-oldrel-macos-x86_64 | 0.4-1 | 56.00 | NOTE | |||
r-oldrel-windows-x86_64 | 0.4-1 | 17.00 | 112.00 | 129.00 | NOTE |
Version: 0.4-1
Check: CRAN incoming feasibility
Result: NOTE
Maintainer: ‘Bernhard Pfaff <bernhard@pfaffikus.de>’
Package CITATION file contains call(s) to old-style personList() or
as.personList(). Please use c() on person objects instead.
Package CITATION file contains call(s) to old-style citEntry(). Please
use bibentry() instead.
Flavors: r-devel-linux-x86_64-debian-clang, r-devel-linux-x86_64-debian-gcc
Version: 0.4-1
Check: Rd files
Result: NOTE
checkRd: (-1) MultiAsset.Rd:26: Escaped LaTeX specials: \&
Flavors: r-devel-linux-x86_64-debian-clang, r-devel-linux-x86_64-debian-gcc, r-devel-linux-x86_64-fedora-clang, r-devel-linux-x86_64-fedora-gcc, r-devel-windows-x86_64, r-patched-linux-x86_64, r-release-linux-x86_64, r-release-macos-arm64, r-release-macos-x86_64, r-release-windows-x86_64, r-oldrel-macos-arm64, r-oldrel-macos-x86_64, r-oldrel-windows-x86_64