CRAN Package Check Results for Package FMC

Last updated on 2025-04-29 18:50:42 CEST.

Flavor Version Tinstall Tcheck Ttotal Status Flags
r-devel-linux-x86_64-debian-clang 1.0.1 1.24 17.45 18.69 NOTE
r-devel-linux-x86_64-debian-gcc 1.0.1 1.27 14.58 15.85 NOTE
r-devel-linux-x86_64-fedora-clang 1.0.1 30.34 OK
r-devel-linux-x86_64-fedora-gcc 1.0.1 28.81 OK
r-devel-windows-x86_64 1.0.1 3.00 43.00 46.00 OK
r-patched-linux-x86_64 1.0.1 1.74 17.03 18.77 OK
r-release-linux-x86_64 1.0.1 1.58 16.95 18.53 OK
r-release-macos-arm64 1.0.1 17.00 OK
r-release-macos-x86_64 1.0.1 23.00 OK
r-release-windows-x86_64 1.0.1 3.00 44.00 47.00 OK
r-oldrel-macos-arm64 1.0.1 15.00 OK
r-oldrel-macos-x86_64 1.0.1 21.00 OK
r-oldrel-windows-x86_64 1.0.1 2.00 46.00 48.00 OK

Check Details

Version: 1.0.1
Check: CRAN incoming feasibility
Result: NOTE Maintainer: ‘Shwetank Lall <shwetanklall@gmail.com>’ Package CITATION file contains call(s) to old-style personList() or as.personList(). Please use c() on person objects instead. Package CITATION file contains call(s) to old-style citEntry(). Please use bibentry() instead. Flavors: r-devel-linux-x86_64-debian-clang, r-devel-linux-x86_64-debian-gcc