Last updated on 2025-04-29 18:50:42 CEST.
Flavor | Version | Tinstall | Tcheck | Ttotal | Status | Flags |
---|---|---|---|---|---|---|
r-devel-linux-x86_64-debian-clang | 0.5.5 | 8.01 | 323.62 | 331.63 | NOTE | |
r-devel-linux-x86_64-debian-gcc | 0.5.5 | 5.73 | 216.27 | 222.00 | NOTE | |
r-devel-linux-x86_64-fedora-clang | 0.5.5 | 546.64 | OK | |||
r-devel-linux-x86_64-fedora-gcc | 0.5.5 | 534.15 | OK | |||
r-devel-windows-x86_64 | 0.5.5 | 10.00 | 376.00 | 386.00 | OK | |
r-patched-linux-x86_64 | 0.5.5 | 7.95 | 313.05 | 321.00 | OK | |
r-release-linux-x86_64 | 0.5.5 | 6.61 | 304.07 | 310.68 | OK | |
r-release-macos-arm64 | 0.5.5 | 163.00 | OK | |||
r-release-macos-x86_64 | 0.5.5 | 401.00 | OK | |||
r-release-windows-x86_64 | 0.5.5 | 11.00 | 362.00 | 373.00 | OK | |
r-oldrel-macos-arm64 | 0.5.5 | 149.00 | OK | |||
r-oldrel-macos-x86_64 | 0.5.5 | 445.00 | OK | |||
r-oldrel-windows-x86_64 | 0.5.5 | 12.00 | 502.00 | 514.00 | OK |
Version: 0.5.5
Check: examples
Result: NOTE
Examples with CPU (user + system) or elapsed time > 5s
user system elapsed
plot_lon_lat 7.228 0.075 13.329
run.particle.filter 7.092 0.072 13.450
plot_util_distr 5.337 0.043 6.993
stationary.migration.summary 5.233 0.041 6.962
map.FLightR.ggmap 3.965 0.181 7.546
make.prerun.object 1.605 0.052 6.242
plot_likelihood 1.404 0.085 7.117
Flavor: r-devel-linux-x86_64-debian-clang
Version: 0.5.5
Check: examples
Result: NOTE
Examples with CPU (user + system) or elapsed time > 5s
user system elapsed
plot_lon_lat 5.203 0.217 10.192
run.particle.filter 5.111 0.062 9.367
map.FLightR.ggmap 3.606 0.081 6.694
Flavor: r-devel-linux-x86_64-debian-gcc