CRAN Package Check Results for Package FEA

Last updated on 2025-04-29 18:50:42 CEST.

Flavor Version Tinstall Tcheck Ttotal Status Flags
r-devel-linux-x86_64-debian-clang 0.0.2 3.28 34.23 37.51 NOTE
r-devel-linux-x86_64-debian-gcc 0.0.2 2.80 26.16 28.96 NOTE
r-devel-linux-x86_64-fedora-clang 0.0.2 60.55 OK
r-devel-linux-x86_64-fedora-gcc 0.0.2 56.75 OK
r-devel-windows-x86_64 0.0.2 5.00 69.00 74.00 OK
r-patched-linux-x86_64 0.0.2 4.69 32.44 37.13 OK
r-release-linux-x86_64 0.0.2 3.76 32.23 35.99 OK
r-release-macos-arm64 0.0.2 27.00 OK
r-release-macos-x86_64 0.0.2 49.00 OK
r-release-windows-x86_64 0.0.2 5.00 71.00 76.00 OK
r-oldrel-macos-arm64 0.0.2 24.00 OK
r-oldrel-macos-x86_64 0.0.2 42.00 OK
r-oldrel-windows-x86_64 0.0.2 6.00 72.00 78.00 OK

Check Details

Version: 0.0.2
Check: CRAN incoming feasibility
Result: NOTE Maintainer: ‘Henna D. Bhramdat <bhramdath@ufl.edu>’ No Authors@R field in DESCRIPTION. Please add one, modifying Authors@R: person(given = c("Henna", "D."), family = "Bhramdat", role = c("aut", "cre"), email = "bhramdath@ufl.edu") as necessary. Flavors: r-devel-linux-x86_64-debian-clang, r-devel-linux-x86_64-debian-gcc