CRAN Package Check Results for Package ExpDE

Last updated on 2025-04-29 18:50:42 CEST.

Flavor Version Tinstall Tcheck Ttotal Status Flags
r-devel-linux-x86_64-debian-clang 0.1.4 2.84 26.94 29.78 OK
r-devel-linux-x86_64-debian-gcc 0.1.4 2.06 20.20 22.26 OK
r-devel-linux-x86_64-fedora-clang 0.1.4 50.00 OK
r-devel-linux-x86_64-fedora-gcc 0.1.4 46.19 OK
r-devel-windows-x86_64 0.1.4 3.00 54.00 57.00 OK
r-patched-linux-x86_64 0.1.4 3.42 25.57 28.99 OK
r-release-linux-x86_64 0.1.4 2.42 25.44 27.86 OK
r-release-macos-arm64 0.1.4 19.00 OK
r-release-macos-x86_64 0.1.4 32.00 OK
r-release-windows-x86_64 0.1.4 4.00 55.00 59.00 OK
r-oldrel-macos-arm64 0.1.4 17.00 NOTE
r-oldrel-macos-x86_64 0.1.4 26.00 NOTE
r-oldrel-windows-x86_64 0.1.4 5.00 61.00 66.00 NOTE

Check Details

Version: 0.1.4
Check: package dependencies
Result: NOTE Package suggested but not available for checking: ‘cec2013’ Flavors: r-oldrel-macos-arm64, r-oldrel-macos-x86_64, r-oldrel-windows-x86_64