Last updated on 2025-04-29 18:50:41 CEST.
Flavor | Version | Tinstall | Tcheck | Ttotal | Status | Flags |
---|---|---|---|---|---|---|
r-devel-linux-x86_64-debian-clang | 2.59 | 24.94 | 466.94 | 491.88 | NOTE | |
r-devel-linux-x86_64-debian-gcc | 2.59 | 15.10 | 317.14 | 332.24 | OK | |
r-devel-linux-x86_64-fedora-clang | 2.59 | 802.31 | OK | |||
r-devel-linux-x86_64-fedora-gcc | 2.59 | 800.60 | OK | |||
r-devel-windows-x86_64 | 2.59 | 28.00 | 238.00 | 266.00 | OK | --no-vignettes |
r-patched-linux-x86_64 | 2.59 | 24.37 | 442.44 | 466.81 | OK | |
r-release-linux-x86_64 | 2.59 | 21.36 | 445.58 | 466.94 | OK | |
r-release-macos-arm64 | 2.59 | 321.00 | OK | |||
r-release-macos-x86_64 | 2.59 | 562.00 | OK | |||
r-release-windows-x86_64 | 2.59 | 28.00 | 243.00 | 271.00 | OK | --no-vignettes |
r-oldrel-macos-arm64 | 2.59 | 245.00 | OK | |||
r-oldrel-macos-x86_64 | 2.59 | 618.00 | OK | |||
r-oldrel-windows-x86_64 | 2.59 | 32.00 | 283.00 | 315.00 | OK | --no-vignettes |
Version: 2.59
Check: examples
Result: NOTE
Examples with CPU (user + system) or elapsed time > 5s
user system elapsed
addDrug.Lexis 3.727 0.044 5.177
erl 3.306 0.182 5.298
Flavor: r-devel-linux-x86_64-debian-clang