Last updated on 2025-04-29 18:50:41 CEST.
Flavor | Version | Tinstall | Tcheck | Ttotal | Status | Flags |
---|---|---|---|---|---|---|
r-devel-linux-x86_64-debian-clang | 0.1.4.1 | 3.50 | 57.60 | 61.10 | NOTE | |
r-devel-linux-x86_64-debian-gcc | 0.1.4.1 | 2.29 | 39.18 | 41.47 | OK | |
r-devel-linux-x86_64-fedora-clang | 0.1.4.1 | 93.82 | OK | |||
r-devel-linux-x86_64-fedora-gcc | 0.1.4.1 | 91.47 | OK | |||
r-devel-windows-x86_64 | 0.1.4.1 | 5.00 | 77.00 | 82.00 | OK | |
r-patched-linux-x86_64 | 0.1.4.1 | 3.37 | 53.12 | 56.49 | OK | |
r-release-linux-x86_64 | 0.1.4.1 | 3.03 | 52.17 | 55.20 | OK | |
r-release-macos-arm64 | 0.1.4.1 | 31.00 | OK | |||
r-release-macos-x86_64 | 0.1.4.1 | 56.00 | OK | |||
r-release-windows-x86_64 | 0.1.4.1 | 4.00 | 81.00 | 85.00 | OK | |
r-oldrel-macos-arm64 | 0.1.4.1 | 29.00 | OK | |||
r-oldrel-macos-x86_64 | 0.1.4.1 | 52.00 | OK | |||
r-oldrel-windows-x86_64 | 0.1.4.1 | 5.00 | 100.00 | 105.00 | OK |
Version: 0.1.4.1
Check: examples
Result: NOTE
Examples with CPU (user + system) or elapsed time > 5s
user system elapsed
estim_tilde_AMSE 6.906 0.004 8.203
EllDistrEst 3.725 0.000 5.214
Flavor: r-devel-linux-x86_64-debian-clang