Last updated on 2025-04-29 18:50:41 CEST.
Flavor | Version | Tinstall | Tcheck | Ttotal | Status | Flags |
---|---|---|---|---|---|---|
r-devel-linux-x86_64-debian-clang | 1.3.1 | 1.70 | 18.84 | 20.54 | NOTE | |
r-devel-linux-x86_64-debian-gcc | 1.3.1 | 1.54 | 15.44 | 16.98 | NOTE | |
r-devel-linux-x86_64-fedora-clang | 1.3.1 | 32.93 | OK | |||
r-devel-linux-x86_64-fedora-gcc | 1.3.1 | 31.34 | OK | |||
r-devel-windows-x86_64 | 1.3.1 | 3.00 | 37.00 | 40.00 | OK | |
r-patched-linux-x86_64 | 1.3.1 | 1.65 | 18.36 | 20.01 | OK | |
r-release-linux-x86_64 | 1.3.1 | 1.80 | 18.32 | 20.12 | OK | |
r-release-macos-arm64 | 1.3.1 | 15.00 | OK | |||
r-release-macos-x86_64 | 1.3.1 | 22.00 | OK | |||
r-release-windows-x86_64 | 1.3.1 | 2.00 | 37.00 | 39.00 | OK | |
r-oldrel-macos-arm64 | 1.3.1 | 14.00 | OK | |||
r-oldrel-macos-x86_64 | 1.3.1 | 20.00 | OK | |||
r-oldrel-windows-x86_64 | 1.3.1 | 3.00 | 42.00 | 45.00 | OK |
Version: 1.3.1
Check: CRAN incoming feasibility
Result: NOTE
Maintainer: ‘Uwe Menzel <uwemenzel@gmail.com>’
No Authors@R field in DESCRIPTION.
Please add one, modifying
Authors@R: person(given = "Uwe",
family = "Menzel",
role = c("aut", "cre"),
email = "uwemenzel@gmail.com")
as necessary.
Flavors: r-devel-linux-x86_64-debian-clang, r-devel-linux-x86_64-debian-gcc