Last updated on 2025-11-04 13:50:13 CET.
| Flavor | Version | Tinstall | Tcheck | Ttotal | Status | Flags |
|---|---|---|---|---|---|---|
| r-devel-linux-x86_64-debian-clang | 1.1.0 | 6.65 | 141.80 | 148.45 | NOTE | |
| r-devel-linux-x86_64-debian-gcc | 1.1.0 | 4.54 | 95.10 | 99.64 | NOTE | |
| r-devel-linux-x86_64-fedora-clang | 1.1.0 | 16.00 | 216.59 | 232.59 | NOTE | |
| r-devel-linux-x86_64-fedora-gcc | 1.1.0 | 12.00 | 229.53 | 241.53 | NOTE | |
| r-devel-windows-x86_64 | 1.1.0 | 10.00 | 259.00 | 269.00 | NOTE | |
| r-patched-linux-x86_64 | 1.1.0 | 5.89 | 139.18 | 145.07 | NOTE | |
| r-release-linux-x86_64 | 1.1.0 | 5.04 | 135.15 | 140.19 | NOTE | |
| r-release-macos-arm64 | 1.1.0 | 3.00 | 127.00 | 130.00 | NOTE | |
| r-release-macos-x86_64 | 1.1.0 | 6.00 | 343.00 | 349.00 | NOTE | |
| r-release-windows-x86_64 | 1.1.0 | 8.00 | 257.00 | 265.00 | NOTE | |
| r-oldrel-macos-arm64 | 1.1.0 | 3.00 | 130.00 | 133.00 | OK | |
| r-oldrel-macos-x86_64 | 1.1.0 | 5.00 | 239.00 | 244.00 | OK | |
| r-oldrel-windows-x86_64 | 1.1.0 | 12.00 | 374.00 | 386.00 | OK |
Version: 1.1.0
Check: DESCRIPTION meta-information
Result: NOTE
Missing dependency on R >= 4.1.0 because package code uses the pipe
|> or function shorthand \(...) syntax added in R 4.1.0.
File(s) using such syntax:
‘ebase_plot.R’ ‘ebase_prep.R’
Flavors: r-devel-linux-x86_64-debian-clang, r-devel-linux-x86_64-debian-gcc, r-devel-linux-x86_64-fedora-clang, r-devel-linux-x86_64-fedora-gcc, r-devel-windows-x86_64, r-patched-linux-x86_64, r-release-linux-x86_64, r-release-macos-arm64, r-release-macos-x86_64, r-release-windows-x86_64