Last updated on 2025-11-04 05:51:09 CET.
| Flavor | Version | Tinstall | Tcheck | Ttotal | Status | Flags | 
|---|---|---|---|---|---|---|
| r-devel-linux-x86_64-debian-clang | 1.3 | 13.68 | 40.16 | 53.84 | OK | |
| r-devel-linux-x86_64-debian-gcc | 1.3 | 11.47 | 30.92 | 42.39 | OK | |
| r-devel-linux-x86_64-fedora-clang | 1.3 | 102.00 | -5.68 | 96.32 | OK | |
| r-devel-linux-x86_64-fedora-gcc | 1.3 | 32.00 | 53.45 | 85.45 | OK | |
| r-devel-windows-x86_64 | 1.3 | 20.00 | 73.00 | 93.00 | OK | |
| r-patched-linux-x86_64 | 1.3 | 16.26 | 37.91 | 54.17 | OK | |
| r-release-linux-x86_64 | 1.3 | 15.04 | 37.85 | 52.89 | OK | |
| r-release-macos-arm64 | 1.3 | 10.00 | 28.00 | 38.00 | OK | |
| r-release-macos-x86_64 | 1.3 | 11.00 | 39.00 | 50.00 | OK | |
| r-release-windows-x86_64 | 1.3 | 19.00 | 72.00 | 91.00 | OK | |
| r-oldrel-macos-arm64 | 1.3 | 8.00 | 24.00 | 32.00 | NOTE | |
| r-oldrel-macos-x86_64 | 1.3 | 11.00 | 32.00 | 43.00 | NOTE | |
| r-oldrel-windows-x86_64 | 1.3 | 20.00 | 89.00 | 109.00 | NOTE | 
Version: 1.3
Check: installed package size
Result: NOTE
    installed size is  5.2Mb
    sub-directories of 1Mb or more:
      data   3.9Mb
      libs   1.1Mb
Flavors: r-oldrel-macos-arm64, r-oldrel-macos-x86_64, r-oldrel-windows-x86_64