CRAN Package Check Results for Package DrillR

Last updated on 2025-04-29 18:50:41 CEST.

Flavor Version Tinstall Tcheck Ttotal Status Flags
r-devel-linux-x86_64-debian-clang 0.1 2.11 19.52 21.63 NOTE
r-devel-linux-x86_64-debian-gcc 0.1 1.47 16.01 17.48 NOTE
r-devel-linux-x86_64-fedora-clang 0.1 35.29 OK
r-devel-linux-x86_64-fedora-gcc 0.1 32.06 OK
r-devel-windows-x86_64 0.1 3.00 41.00 44.00 OK
r-patched-linux-x86_64 0.1 2.42 18.77 21.19 OK
r-release-linux-x86_64 0.1 2.32 18.79 21.11 OK
r-release-macos-arm64 0.1 19.00 OK
r-release-macos-x86_64 0.1 27.00 OK
r-release-windows-x86_64 0.1 4.00 42.00 46.00 OK
r-oldrel-macos-arm64 0.1 16.00 OK
r-oldrel-macos-x86_64 0.1 22.00 OK
r-oldrel-windows-x86_64 0.1 4.00 47.00 51.00 OK

Check Details

Version: 0.1
Check: CRAN incoming feasibility
Result: NOTE Maintainer: ‘Hanbing Yang <hanbingflying@sina.com>’ No Authors@R field in DESCRIPTION. Please add one, modifying Authors@R: person(given = "Hanbing", family = "Yang", role = c("aut", "cre"), email = "hanbingflying@sina.com") as necessary. Flavors: r-devel-linux-x86_64-debian-clang, r-devel-linux-x86_64-debian-gcc