CRAN Package Check Results for Package DiceDesign

Last updated on 2025-04-29 18:50:40 CEST.

Flavor Version Tinstall Tcheck Ttotal Status Flags
r-devel-linux-x86_64-debian-clang 1.10 6.11 50.00 56.11 NOTE
r-devel-linux-x86_64-debian-gcc 1.10 3.94 33.42 37.36 NOTE
r-devel-linux-x86_64-fedora-clang 1.10 87.78 OK
r-devel-linux-x86_64-fedora-gcc 1.10 83.26 OK
r-devel-windows-x86_64 1.10 9.00 73.00 82.00 OK
r-patched-linux-x86_64 1.10 6.25 47.22 53.47 OK
r-release-linux-x86_64 1.10 5.44 46.82 52.26 OK
r-release-macos-arm64 1.10 29.00 OK
r-release-macos-x86_64 1.10 52.00 OK
r-release-windows-x86_64 1.10 8.00 75.00 83.00 OK
r-oldrel-macos-arm64 1.10 31.00 OK
r-oldrel-macos-x86_64 1.10 40.00 OK
r-oldrel-windows-x86_64 1.10 11.00 82.00 93.00 OK

Check Details

Version: 1.10
Check: CRAN incoming feasibility
Result: NOTE Maintainer: ‘Celine Helbert <Celine.Helbert@ec-lyon.fr>’ No Authors@R field in DESCRIPTION. Please add one, modifying Authors@R: c(person(given = "Jessica", family = "Franco", role = "aut"), person(given = "Delphine", family = "Dupuy", role = "aut"), person(given = "Olivier", family = "Roustant", role = "aut"), person(given = "Patrice", family = "Kiener", role = "aut"), person(given = "Guillaume", family = "Damblin", role = "aut"), person(given = "Bertrand", family = "Iooss.", role = "aut"), person(given = "Celine", family = "Helbert", role = "cre", email = "Celine.Helbert@ec-lyon.fr")) as necessary. Flavors: r-devel-linux-x86_64-debian-clang, r-devel-linux-x86_64-debian-gcc

Version: 1.10
Check: examples
Result: NOTE Examples with CPU (user + system) or elapsed time > 5s user system elapsed DiceDesign-package 4.471 0.081 5.863 Flavor: r-devel-linux-x86_64-debian-clang