CRAN Package Check Results for Package DataClean

Last updated on 2025-04-29 06:49:40 CEST.

Flavor Version Tinstall Tcheck Ttotal Status Flags
r-devel-linux-x86_64-debian-clang 1.0 7.21 72.82 80.03 OK
r-devel-linux-x86_64-debian-gcc 1.0 6.70 57.22 63.92 NOTE
r-devel-linux-x86_64-fedora-clang 1.0 137.53 OK
r-devel-linux-x86_64-fedora-gcc 1.0 140.12 OK
r-devel-windows-x86_64 1.0 7.00 70.00 77.00 OK
r-patched-linux-x86_64 1.0 7.12 87.33 94.45 OK
r-release-linux-x86_64 1.0 6.72 73.35 80.07 OK
r-release-macos-arm64 1.0 36.00 OK
r-release-macos-x86_64 1.0 55.00 OK
r-release-windows-x86_64 1.0 8.00 73.00 81.00 OK
r-oldrel-macos-arm64 1.0 30.00 OK
r-oldrel-macos-x86_64 1.0 46.00 OK
r-oldrel-windows-x86_64 1.0 7.00 80.00 87.00 OK

Check Details

Version: 1.0
Check: CRAN incoming feasibility
Result: NOTE Maintainer: ‘Xiaorui(Jeremy) Zhu <zhuxiaorui1989@gmail.com>’ No Authors@R field in DESCRIPTION. Please add one, modifying Authors@R: c(person(given = "Xiaorui", family = "Zhu", role = "aut", comment = "Jeremy"), person(given = "Xiaorui", family = "Zhu", role = "cre", email = "zhuxiaorui1989@gmail.com", comment = "Jeremy")) as necessary. Flavor: r-devel-linux-x86_64-debian-gcc

Version: 1.0
Check: examples
Result: NOTE Examples with CPU (user + system) or elapsed time > 5s user system elapsed getSfilesPath 0.947 7.888 15.426 Flavor: r-devel-linux-x86_64-debian-gcc