CRAN Package Check Results for Package DatAssim

Last updated on 2025-04-29 18:50:40 CEST.

Flavor Version Tinstall Tcheck Ttotal Status Flags
r-devel-linux-x86_64-debian-clang 1.0 20.93 21.16 42.09 NOTE
r-devel-linux-x86_64-debian-gcc 1.0 14.00 17.55 31.55 NOTE
r-devel-linux-x86_64-fedora-clang 1.0 75.90 OK
r-devel-linux-x86_64-fedora-gcc 1.0 70.91 OK
r-devel-windows-x86_64 1.0 26.00 64.00 90.00 OK
r-patched-linux-x86_64 1.0 20.33 20.32 40.65 OK
r-release-linux-x86_64 1.0 19.43 20.20 39.63 OK
r-release-macos-arm64 1.0 27.00 OK
r-release-macos-x86_64 1.0 40.00 OK
r-release-windows-x86_64 1.0 25.00 68.00 93.00 OK
r-oldrel-macos-arm64 1.0 25.00 NOTE
r-oldrel-macos-x86_64 1.0 41.00 NOTE
r-oldrel-windows-x86_64 1.0 25.00 73.00 98.00 NOTE

Check Details

Version: 1.0
Check: CRAN incoming feasibility
Result: NOTE Maintainer: ‘Svetlana Saarela <admin@svetlanasaarela.com>’ No Authors@R field in DESCRIPTION. Please add one, modifying Authors@R: c(person(given = "Svetlana", family = "Saarela", role = c("aut", "cre"), email = "admin@svetlanasaarela.com"), person(given = "Anton", family = "Grafström", role = "aut")) as necessary. Found the following URLs which should use \doi (with the DOI name only): File ‘datassim.Rd’: https://doi.org/10.20944/preprints201710.0098.v1 Flavors: r-devel-linux-x86_64-debian-clang, r-devel-linux-x86_64-debian-gcc

Version: 1.0
Check: LazyData
Result: NOTE 'LazyData' is specified without a 'data' directory Flavors: r-oldrel-macos-arm64, r-oldrel-macos-x86_64, r-oldrel-windows-x86_64