Last updated on 2025-11-04 05:51:09 CET.
| Flavor | Version | Tinstall | Tcheck | Ttotal | Status | Flags | 
|---|---|---|---|---|---|---|
| r-devel-linux-x86_64-debian-clang | 0.34.0 | 4.52 | 40.34 | 44.86 | OK | |
| r-devel-linux-x86_64-debian-gcc | 0.34.0 | 3.21 | 31.58 | 34.79 | OK | |
| r-devel-linux-x86_64-fedora-clang | 0.34.0 | 74.38 | OK | |||
| r-devel-linux-x86_64-fedora-gcc | 0.34.0 | 11.00 | 70.01 | 81.01 | OK | |
| r-devel-windows-x86_64 | 0.34.0 | 27.00 | 59.00 | 86.00 | OK | |
| r-patched-linux-x86_64 | 0.34.0 | 4.64 | 38.91 | 43.55 | OK | |
| r-release-linux-x86_64 | 0.34.0 | 3.97 | 38.81 | 42.78 | OK | |
| r-release-macos-arm64 | 0.34.0 | 2.00 | 30.00 | 32.00 | OK | |
| r-release-macos-x86_64 | 0.34.0 | 6.00 | 63.00 | 69.00 | OK | |
| r-release-windows-x86_64 | 0.34.0 | 9.00 | 56.00 | 65.00 | OK | |
| r-oldrel-macos-arm64 | 0.34.0 | 2.00 | 41.00 | 43.00 | NOTE | |
| r-oldrel-macos-x86_64 | 0.34.0 | 4.00 | 65.00 | 69.00 | NOTE | |
| r-oldrel-windows-x86_64 | 0.34.0 | 13.00 | 68.00 | 81.00 | NOTE | 
Version: 0.34.0
Check: installed package size
Result: NOTE
    installed size is  6.2Mb
    sub-directories of 1Mb or more:
      htmlwidgets   5.5Mb
Flavors: r-oldrel-macos-arm64, r-oldrel-macos-x86_64, r-oldrel-windows-x86_64