Last updated on 2025-04-29 06:49:40 CEST.
Flavor | Version | Tinstall | Tcheck | Ttotal | Status | Flags |
---|---|---|---|---|---|---|
r-devel-linux-x86_64-debian-clang | 1.2.3 | 1.65 | 19.16 | 20.81 | OK | |
r-devel-linux-x86_64-debian-gcc | 1.2.3 | 1.30 | 16.14 | 17.44 | NOTE | |
r-devel-linux-x86_64-fedora-clang | 1.2.3 | 33.54 | OK | |||
r-devel-linux-x86_64-fedora-gcc | 1.2.3 | 31.67 | OK | |||
r-devel-windows-x86_64 | 1.2.3 | 3.00 | 48.00 | 51.00 | OK | |
r-patched-linux-x86_64 | 1.2.3 | 1.95 | 18.82 | 20.77 | OK | |
r-release-linux-x86_64 | 1.2.3 | 1.51 | 19.00 | 20.51 | OK | |
r-release-macos-arm64 | 1.2.3 | 16.00 | OK | |||
r-release-macos-x86_64 | 1.2.3 | 25.00 | OK | |||
r-release-windows-x86_64 | 1.2.3 | 3.00 | 44.00 | 47.00 | OK | |
r-oldrel-macos-arm64 | 1.2.3 | 14.00 | OK | |||
r-oldrel-macos-x86_64 | 1.2.3 | 22.00 | OK | |||
r-oldrel-windows-x86_64 | 1.2.3 | 3.00 | 44.00 | 47.00 | OK |
Version: 1.2.3
Check: CRAN incoming feasibility
Result: NOTE
Maintainer: ‘Javaria Ahmad Khan <jakhan0@yahoo.com>’
No Authors@R field in DESCRIPTION.
Please add one, modifying
Authors@R: c(person(given = c("Javaria", "Ahmad"),
family = "Khan",
role = c("aut", "cre"),
email = "jakhan0@yahoo.com"),
person(given = "Atif",
family = "Akbar.",
role = "aut"))
as necessary.
Flavor: r-devel-linux-x86_64-debian-gcc