Last updated on 2025-05-02 06:49:31 CEST.
Flavor | Version | Tinstall | Tcheck | Ttotal | Status | Flags |
---|---|---|---|---|---|---|
r-devel-linux-x86_64-debian-clang | 1.8 | 2.71 | 28.13 | 30.84 | NOTE | |
r-devel-linux-x86_64-debian-gcc | 1.8 | 2.28 | 21.52 | 23.80 | NOTE | |
r-devel-linux-x86_64-fedora-clang | 1.8 | 48.74 | OK | |||
r-devel-linux-x86_64-fedora-gcc | 1.8 | 47.04 | OK | |||
r-devel-windows-x86_64 | 1.8 | 4.00 | 54.00 | 58.00 | OK | |
r-patched-linux-x86_64 | 1.8 | 2.94 | 26.80 | 29.74 | OK | |
r-release-linux-x86_64 | OK | |||||
r-release-macos-arm64 | 1.8 | 20.00 | OK | |||
r-release-macos-x86_64 | 1.8 | 42.00 | OK | |||
r-release-windows-x86_64 | 1.8 | 4.00 | 54.00 | 58.00 | OK | |
r-oldrel-macos-arm64 | 1.8 | 18.00 | OK | |||
r-oldrel-macos-x86_64 | 1.8 | 28.00 | OK | |||
r-oldrel-windows-x86_64 | 1.8 | 5.00 | 57.00 | 62.00 | OK |
Version: 1.8
Check: CRAN incoming feasibility
Result: NOTE
Maintainer: ‘Hristo Tomov <tomov.hristo@gmail.com>’
No Authors@R field in DESCRIPTION.
Please add one, modifying
Authors@R: c(person(given = "Sadegh",
family = "Jamali",
role = "aut"),
person(given = "Hristo",
family = "Tomov",
role = c("aut", "cre"),
email = "tomov.hristo@gmail.com"))
as necessary.
File 'R/DBEST-internal.R' sets .Random.seed.
This is usually neither needed nor wanted.
Flavors: r-devel-linux-x86_64-debian-clang, r-devel-linux-x86_64-debian-gcc