Last updated on 2025-04-29 18:50:38 CEST.
Flavor | Version | Tinstall | Tcheck | Ttotal | Status | Flags |
---|---|---|---|---|---|---|
r-devel-linux-x86_64-debian-clang | 0.1-2 | 2.28 | 35.83 | 38.11 | NOTE | |
r-devel-linux-x86_64-debian-gcc | 0.1-2 | 1.94 | 27.58 | 29.52 | NOTE | |
r-devel-linux-x86_64-fedora-clang | 0.1-2 | 59.94 | OK | |||
r-devel-linux-x86_64-fedora-gcc | 0.1-2 | 62.11 | OK | |||
r-devel-windows-x86_64 | 0.1-2 | 3.00 | 53.00 | 56.00 | OK | |
r-patched-linux-x86_64 | 0.1-2 | 2.06 | 34.69 | 36.75 | OK | |
r-release-linux-x86_64 | 0.1-2 | 1.87 | 33.93 | 35.80 | OK | |
r-release-macos-arm64 | 0.1-2 | 24.00 | OK | |||
r-release-macos-x86_64 | 0.1-2 | 35.00 | OK | |||
r-release-windows-x86_64 | 0.1-2 | 3.00 | 55.00 | 58.00 | OK | |
r-oldrel-macos-arm64 | 0.1-2 | 29.00 | OK | |||
r-oldrel-macos-x86_64 | 0.1-2 | 54.00 | OK | |||
r-oldrel-windows-x86_64 | 0.1-2 | 4.00 | 59.00 | 63.00 | OK |
Version: 0.1-2
Check: examples
Result: NOTE
Examples with CPU (user + system) or elapsed time > 5s
user system elapsed
liftHurstCC 7.387 0.011 8.280
liftHurstC 6.105 0.091 7.044
Flavor: r-devel-linux-x86_64-debian-clang
Version: 0.1-2
Check: examples
Result: NOTE
Examples with CPU (user + system) or elapsed time > 5s
user system elapsed
liftHurstCC 4.872 0.051 5.657
liftHurstC 4.273 0.098 5.608
Flavor: r-devel-linux-x86_64-debian-gcc