Last updated on 2025-04-29 18:50:38 CEST.
Flavor | Version | Tinstall | Tcheck | Ttotal | Status | Flags |
---|---|---|---|---|---|---|
r-devel-linux-x86_64-debian-clang | 0.1.0 | 2.43 | 60.47 | 62.90 | NOTE | |
r-devel-linux-x86_64-debian-gcc | 0.1.0 | 1.67 | 40.80 | 42.47 | OK | |
r-devel-linux-x86_64-fedora-clang | 0.1.0 | 105.76 | OK | |||
r-devel-linux-x86_64-fedora-gcc | 0.1.0 | 102.97 | OK | |||
r-devel-windows-x86_64 | 0.1.0 | 4.00 | 87.00 | 91.00 | OK | |
r-patched-linux-x86_64 | 0.1.0 | 2.37 | 58.42 | 60.79 | OK | |
r-release-linux-x86_64 | 0.1.0 | 2.03 | 56.56 | 58.59 | OK | |
r-release-macos-arm64 | 0.1.0 | 34.00 | OK | |||
r-release-macos-x86_64 | 0.1.0 | 58.00 | OK | |||
r-release-windows-x86_64 | 0.1.0 | 4.00 | 82.00 | 86.00 | OK | |
r-oldrel-macos-arm64 | 0.1.0 | 30.00 | OK | |||
r-oldrel-macos-x86_64 | 0.1.0 | 44.00 | OK | |||
r-oldrel-windows-x86_64 | 0.1.0 | 4.00 | 95.00 | 99.00 | OK |
Version: 0.1.0
Check: examples
Result: NOTE
Examples with CPU (user + system) or elapsed time > 5s
user system elapsed
mnntsparametersunderindependenceunivariate 6.896 0.000 8.631
mnntsgofstatistics 6.381 0.020 8.193
mnntscharacteristicfunction 6.019 0.043 7.400
mnntsgofdesignmatrix 5.713 0.117 7.184
Flavor: r-devel-linux-x86_64-debian-clang