CRAN Package Check Results for Package CausalImpact

Last updated on 2025-04-29 06:49:38 CEST.

Flavor Version Tinstall Tcheck Ttotal Status Flags
r-devel-linux-x86_64-debian-clang 1.3.0 5.80 102.54 108.34 OK
r-devel-linux-x86_64-debian-gcc 1.3.0 4.88 75.02 79.90 NOTE
r-devel-linux-x86_64-fedora-clang 1.3.0 173.42 OK
r-devel-linux-x86_64-fedora-gcc 1.3.0 194.45 OK
r-devel-windows-x86_64 1.3.0 8.00 116.00 124.00 OK
r-patched-linux-x86_64 1.3.0 6.53 104.58 111.11 OK
r-release-linux-x86_64 1.3.0 4.81 103.76 108.57 OK
r-release-macos-arm64 1.3.0 69.00 OK
r-release-macos-x86_64 1.3.0 121.00 OK
r-release-windows-x86_64 1.3.0 8.00 117.00 125.00 OK
r-oldrel-macos-arm64 1.3.0 53.00 OK
r-oldrel-macos-x86_64 1.3.0 91.00 OK
r-oldrel-windows-x86_64 1.3.0 10.00 154.00 164.00 OK

Check Details

Version: 1.3.0
Check: CRAN incoming feasibility
Result: NOTE Maintainer: ‘Alain Hauser <alhauser@google.com>’ No Authors@R field in DESCRIPTION. Please add one, modifying Authors@R: c(person(given = c("Kay", "H."), family = "Brodersen", role = "aut", email = "kbrodersen@google.com"), person(given = "Alain", family = "Hauser", role = c("aut", "cre"), email = "alhauser@google.com")) as necessary. Package CITATION file contains call(s) to old-style personList() or as.personList(). Please use c() on person objects instead. Flavor: r-devel-linux-x86_64-debian-gcc