CRAN Package Check Results for Package CTTinShiny

Last updated on 2025-04-29 18:50:40 CEST.

Flavor Version Tinstall Tcheck Ttotal Status Flags
r-devel-linux-x86_64-debian-clang 0.1.0 4.03 31.30 35.33 NOTE
r-devel-linux-x86_64-debian-gcc 0.1.0 3.07 24.33 27.40 NOTE
r-devel-linux-x86_64-fedora-clang 0.1.0 54.80 OK
r-devel-linux-x86_64-fedora-gcc 0.1.0 53.04 OK
r-devel-windows-x86_64 0.1.0 5.00 50.00 55.00 OK
r-patched-linux-x86_64 0.1.0 2.91 30.25 33.16 OK
r-release-linux-x86_64 0.1.0 4.14 29.45 33.59 OK
r-release-macos-arm64 0.1.0 22.00 OK
r-release-macos-x86_64 0.1.0 38.00 OK
r-release-windows-x86_64 0.1.0 5.00 55.00 60.00 OK
r-oldrel-macos-arm64 0.1.0 21.00 NOTE
r-oldrel-macos-x86_64 0.1.0 30.00 NOTE
r-oldrel-windows-x86_64 0.1.0 6.00 56.00 62.00 NOTE

Check Details

Version: 0.1.0
Check: CRAN incoming feasibility
Result: NOTE Maintainer: ‘John T. Willse <jtwillse@uncg.edu>’ No Authors@R field in DESCRIPTION. Please add one, modifying Authors@R: person(given = c("John", "T."), family = "Willse", role = c("aut", "cre"), email = "jtwillse@uncg.edu") as necessary. Flavors: r-devel-linux-x86_64-debian-clang, r-devel-linux-x86_64-debian-gcc

Version: 0.1.0
Check: LazyData
Result: NOTE 'LazyData' is specified without a 'data' directory Flavors: r-oldrel-macos-arm64, r-oldrel-macos-x86_64, r-oldrel-windows-x86_64