Last updated on 2025-04-30 06:51:14 CEST.
Flavor | Version | Tinstall | Tcheck | Ttotal | Status | Flags |
---|---|---|---|---|---|---|
r-devel-linux-x86_64-debian-clang | 1.8 | 4.49 | 38.17 | 42.66 | NOTE | |
r-devel-linux-x86_64-debian-gcc | 1.8 | 3.36 | 27.63 | 30.99 | NOTE | |
r-devel-linux-x86_64-fedora-clang | 1.8 | 69.20 | OK | |||
r-devel-linux-x86_64-fedora-gcc | 1.8 | 70.72 | OK | |||
r-devel-windows-x86_64 | 1.8 | 6.00 | 66.00 | 72.00 | OK | |
r-patched-linux-x86_64 | 1.8 | 5.26 | 35.94 | 41.20 | OK | |
r-release-linux-x86_64 | 1.8 | 4.88 | 35.60 | 40.48 | OK | |
r-release-macos-arm64 | 1.8 | 23.00 | OK | |||
r-release-macos-x86_64 | 1.8 | 42.00 | OK | |||
r-release-windows-x86_64 | 1.8 | 6.00 | 64.00 | 70.00 | OK | |
r-oldrel-macos-arm64 | 1.8 | 22.00 | OK | |||
r-oldrel-macos-x86_64 | 1.8 | 32.00 | OK | |||
r-oldrel-windows-x86_64 | 1.8 | 8.00 | 67.00 | 75.00 | OK |
Version: 1.8
Check: CRAN incoming feasibility
Result: NOTE
Maintainer: ‘Andreas Kuehnapfel <andreas.kuehnapfel@imise.uni-leipzig.de>’
No Authors@R field in DESCRIPTION.
Please add one, modifying
Authors@R: person(given = "Andreas",
family = "Kuehnapfel",
role = c("aut", "cre"),
email = "andreas.kuehnapfel@imise.uni-leipzig.de")
as necessary.
Flavors: r-devel-linux-x86_64-debian-clang, r-devel-linux-x86_64-debian-gcc