Last updated on 2025-10-30 17:49:54 CET.
| Flavor | Version | Tinstall | Tcheck | Ttotal | Status | Flags | 
|---|---|---|---|---|---|---|
| r-devel-linux-x86_64-debian-clang | 0.1.0 | 7.87 | 123.33 | 131.20 | NOTE | |
| r-devel-linux-x86_64-debian-gcc | 0.1.0 | 6.53 | 88.87 | 95.40 | NOTE | |
| r-devel-linux-x86_64-fedora-clang | 0.1.0 | 72.00 | 132.97 | 204.97 | OK | |
| r-devel-linux-x86_64-fedora-gcc | 0.1.0 | 37.00 | 179.11 | 216.11 | OK | |
| r-devel-windows-x86_64 | 0.1.0 | 10.00 | 118.00 | 128.00 | OK | |
| r-patched-linux-x86_64 | 0.1.0 | 7.03 | 115.32 | 122.35 | OK | |
| r-release-linux-x86_64 | 0.1.0 | 7.66 | 115.13 | 122.79 | OK | |
| r-release-macos-arm64 | 0.1.0 | 3.00 | 50.00 | 53.00 | OK | |
| r-release-macos-x86_64 | 0.1.0 | 6.00 | 69.00 | 75.00 | NOTE | |
| r-release-windows-x86_64 | 0.1.0 | 10.00 | 116.00 | 126.00 | OK | |
| r-oldrel-macos-arm64 | 0.1.0 | 3.00 | 43.00 | 46.00 | NOTE | |
| r-oldrel-macos-x86_64 | 0.1.0 | 8.00 | 79.00 | 87.00 | NOTE | |
| r-oldrel-windows-x86_64 | 0.1.0 | 13.00 | 147.00 | 160.00 | NOTE | 
Version: 0.1.0
Check: CRAN incoming feasibility
Result: NOTE
  Maintainer: ‘Gabriele Lubatti <gabriele.lubatti@helmholtz-muenchen.de>’
  
  No Authors@R field in DESCRIPTION.
  Please add one, modifying
    Authors@R: person(given = "Gabriele",
                      family = "Lubatti",
                      role = c("aut", "cre"),
                      email = "gabriele.lubatti@helmholtz-muenchen.de")
  as necessary.
Flavors: r-devel-linux-x86_64-debian-clang, r-devel-linux-x86_64-debian-gcc
Version: 0.1.0
Check: re-building of vignette outputs
Result: NOTE
  Note: skipping ‘CIARA.Rmd’ due to unavailable dependencies: 'Seurat'
Flavor: r-release-macos-x86_64
Version: 0.1.0
Check: installed package size
Result: NOTE
    installed size is  8.0Mb
    sub-directories of 1Mb or more:
      doc       5.7Mb
      extdata   2.1Mb
Flavors: r-oldrel-macos-arm64, r-oldrel-macos-x86_64, r-oldrel-windows-x86_64