Last updated on 2025-04-29 18:50:38 CEST.
Flavor | Version | Tinstall | Tcheck | Ttotal | Status | Flags |
---|---|---|---|---|---|---|
r-devel-linux-x86_64-debian-clang | 0.3.0 | 6.95 | 91.07 | 98.02 | NOTE | |
r-devel-linux-x86_64-debian-gcc | 0.3.0 | 5.52 | 63.27 | 68.79 | NOTE | |
r-devel-linux-x86_64-fedora-clang | 0.3.0 | 145.89 | OK | |||
r-devel-linux-x86_64-fedora-gcc | 0.3.0 | 151.73 | OK | |||
r-devel-windows-x86_64 | 0.3.0 | 9.00 | 92.00 | 101.00 | OK | |
r-patched-linux-x86_64 | 0.3.0 | 7.73 | 83.69 | 91.42 | OK | |
r-release-linux-x86_64 | 0.3.0 | 6.15 | 83.44 | 89.59 | OK | |
r-release-macos-arm64 | 0.3.0 | 50.00 | OK | |||
r-release-macos-x86_64 | 0.3.0 | 89.00 | OK | |||
r-release-windows-x86_64 | 0.3.0 | 9.00 | 95.00 | 104.00 | OK | |
r-oldrel-macos-arm64 | 0.3.0 | 43.00 | OK | |||
r-oldrel-macos-x86_64 | 0.3.0 | 111.00 | OK | |||
r-oldrel-windows-x86_64 | 0.3.0 | 9.00 | 114.00 | 123.00 | OK |
Version: 0.3.0
Check: examples
Result: NOTE
Examples with CPU (user + system) or elapsed time > 5s
user system elapsed
population.est 8.687 0.000 11.848
population.test 7.342 0.007 9.218
population.test.MinPv 6.375 0.000 7.555
Flavor: r-devel-linux-x86_64-debian-clang
Version: 0.3.0
Check: examples
Result: NOTE
Examples with CPU (user + system) or elapsed time > 5s
user system elapsed
population.est 5.116 0.074 8.606
population.test 3.540 0.003 5.502
population.test.MinPv 3.196 0.001 5.062
Flavor: r-devel-linux-x86_64-debian-gcc