Last updated on 2025-11-04 05:51:06 CET.
| Flavor | Version | Tinstall | Tcheck | Ttotal | Status | Flags | 
|---|---|---|---|---|---|---|
| r-devel-linux-x86_64-debian-clang | 0.1.1 | 9.25 | 76.41 | 85.66 | NOTE | |
| r-devel-linux-x86_64-debian-gcc | 0.1.1 | 6.05 | 55.42 | 61.47 | NOTE | |
| r-devel-linux-x86_64-fedora-clang | 0.1.1 | 22.00 | 109.68 | 131.68 | OK | |
| r-devel-linux-x86_64-fedora-gcc | 0.1.1 | 16.00 | 137.34 | 153.34 | OK | |
| r-devel-windows-x86_64 | 0.1.1 | 10.00 | 81.00 | 91.00 | OK | |
| r-patched-linux-x86_64 | 0.1.1 | 8.47 | 69.63 | 78.10 | OK | |
| r-release-linux-x86_64 | 0.1.1 | 8.47 | 70.72 | 79.19 | OK | |
| r-release-macos-arm64 | 0.1.1 | 5.00 | 58.00 | 63.00 | ERROR | |
| r-release-macos-x86_64 | 0.1.1 | 10.00 | 102.00 | 112.00 | ERROR | |
| r-release-windows-x86_64 | 0.1.1 | 11.00 | 79.00 | 90.00 | OK | |
| r-oldrel-macos-arm64 | 0.1.1 | 4.00 | 44.00 | 48.00 | NOTE | |
| r-oldrel-macos-x86_64 | 0.1.1 | 6.00 | 70.00 | 76.00 | NOTE | |
| r-oldrel-windows-x86_64 | 0.1.1 | 15.00 | 102.00 | 117.00 | NOTE | 
Version: 0.1.1
Check: CRAN incoming feasibility
Result: NOTE
  Maintainer: ‘Marie Perrot-Dockès <marie.perrocks@gmail.com>’
  
  No Authors@R field in DESCRIPTION.
  Please add one, modifying
    Authors@R: c(person(given = "M.",
                        family = "Perrot-Dock\\`es",
                        role = "aut"),
                 person(given = "C.",
                        family = "Lévy-Leduc",
                        role = "aut"),
                 person(given = "Marie",
                        family = "Perrot-Dockès",
                        role = "cre",
                        email = "marie.perrocks@gmail.com"))
  as necessary.
  
  The Description field contains
    in the paper Perrot-Dockès et al. (2019) <arXiv:1806.10093>.
  Please refer to arXiv e-prints via their arXiv DOI <doi:10.48550/arXiv.YYMM.NNNNN>.
Flavors: r-devel-linux-x86_64-debian-clang, r-devel-linux-x86_64-debian-gcc
Version: 0.1.1
Check: re-building of vignette outputs
Result: ERROR
  Error(s) in re-building vignettes:
  --- re-building ‘Vignettes.Rmd’ using knitr
  Error: processing vignette 'Vignettes.Rmd' failed with diagnostics:
  48:54: unexpected '{'
  47:           person(family = "L{\\'e}vy-Leduc", given = c("C{\\'e}line")),
  48:           person(family = "Rajjou", given = c("Lo{\\"{
                                                           ^
  --- failed re-building ‘Vignettes.Rmd’
  
  SUMMARY: processing the following file failed:
    ‘Vignettes.Rmd’
  
  Error: Vignette re-building failed.
  Execution halted
Flavors: r-release-macos-arm64, r-release-macos-x86_64
Version: 0.1.1
Check: LazyData
Result: NOTE
    'LazyData' is specified without a 'data' directory
Flavors: r-oldrel-macos-arm64, r-oldrel-macos-x86_64, r-oldrel-windows-x86_64