Last updated on 2025-04-28 18:50:04 CEST.
Flavor | Version | Tinstall | Tcheck | Ttotal | Status | Flags |
---|---|---|---|---|---|---|
r-devel-linux-x86_64-debian-clang | 1.3.3 | 5.81 | 49.47 | 55.28 | OK | |
r-devel-linux-x86_64-debian-gcc | 1.3.3 | 4.66 | 38.67 | 43.33 | NOTE | |
r-devel-linux-x86_64-fedora-clang | 1.3.3 | 86.24 | OK | |||
r-devel-linux-x86_64-fedora-gcc | 1.3.3 | 87.90 | OK | |||
r-devel-windows-x86_64 | 1.3.3 | 7.00 | 62.00 | 69.00 | OK | |
r-patched-linux-x86_64 | 1.3.3 | 6.20 | 48.29 | 54.49 | OK | |
r-release-linux-x86_64 | 1.3.3 | 5.61 | 47.10 | 52.71 | OK | |
r-release-macos-arm64 | 1.3.3 | 32.00 | OK | |||
r-release-macos-x86_64 | 1.3.3 | 50.00 | OK | |||
r-release-windows-x86_64 | 1.3.3 | 7.00 | 63.00 | 70.00 | OK | |
r-oldrel-macos-arm64 | 1.3.3 | 30.00 | OK | |||
r-oldrel-macos-x86_64 | 1.3.3 | 46.00 | OK | |||
r-oldrel-windows-x86_64 | 1.3.3 | 9.00 | 72.00 | 81.00 | OK |
Version: 1.3.3
Check: CRAN incoming feasibility
Result: NOTE
Maintainer: ‘Ran Gao <rgao8@uic.edu>’
No Authors@R field in DESCRIPTION.
Please add one, modifying
Authors@R: c(person(given = "Hakan",
family = "Demirtas",
role = "aut"),
person(given = "Rawan",
family = "Allozi",
role = "aut"),
person(given = "Ran",
family = "Gao",
role = c("aut", "cre"),
email = "rgao8@uic.edu"))
as necessary.
Flavor: r-devel-linux-x86_64-debian-gcc