Last updated on 2025-04-29 18:50:38 CEST.
Flavor | Version | Tinstall | Tcheck | Ttotal | Status | Flags |
---|---|---|---|---|---|---|
r-devel-linux-x86_64-debian-clang | 0.1-13 | 35.46 | 78.97 | 114.43 | NOTE | |
r-devel-linux-x86_64-debian-gcc | 0.1-13 | 24.02 | 57.42 | 81.44 | NOTE | |
r-devel-linux-x86_64-fedora-clang | 0.1-13 | 188.09 | OK | |||
r-devel-linux-x86_64-fedora-gcc | 0.1-13 | 201.29 | OK | |||
r-devel-windows-x86_64 | 0.1-13 | 40.00 | 111.00 | 151.00 | OK | |
r-patched-linux-x86_64 | 0.1-13 | 34.88 | 75.52 | 110.40 | OK | |
r-release-linux-x86_64 | 0.1-13 | 34.82 | 76.14 | 110.96 | OK | |
r-release-macos-arm64 | 0.1-13 | 61.00 | OK | |||
r-release-macos-x86_64 | 0.1-13 | 101.00 | OK | |||
r-release-windows-x86_64 | 0.1-13 | 41.00 | 123.00 | 164.00 | OK | |
r-oldrel-macos-arm64 | 0.1-13 | 51.00 | OK | |||
r-oldrel-macos-x86_64 | 0.1-13 | 75.00 | OK | |||
r-oldrel-windows-x86_64 | 0.1-13 | 48.00 | 149.00 | 197.00 | OK |
Version: 0.1-13
Check: CRAN incoming feasibility
Result: NOTE
Maintainer: ‘Gunther Schauberger <gunther.schauberger@tum.de>’
No Authors@R field in DESCRIPTION.
Please add one, modifying
Authors@R: person(given = "Gunther",
family = "Schauberger",
role = c("aut", "cre"),
email = "gunther.schauberger@tum.de")
as necessary.
Flavors: r-devel-linux-x86_64-debian-clang, r-devel-linux-x86_64-debian-gcc