Last updated on 2025-04-29 18:50:37 CEST.
Flavor | Version | Tinstall | Tcheck | Ttotal | Status | Flags |
---|---|---|---|---|---|---|
r-devel-linux-x86_64-debian-clang | 1.6.1 | 9.34 | 77.46 | 86.80 | NOTE | |
r-devel-linux-x86_64-debian-gcc | 1.6.1 | 6.35 | 56.64 | 62.99 | NOTE | |
r-devel-linux-x86_64-fedora-clang | 1.6.1 | 136.00 | OK | |||
r-devel-linux-x86_64-fedora-gcc | 1.6.1 | 137.61 | OK | |||
r-devel-windows-x86_64 | 1.6.1 | 9.00 | 91.00 | 100.00 | OK | |
r-patched-linux-x86_64 | 1.6.1 | 8.72 | 73.22 | 81.94 | OK | |
r-release-linux-x86_64 | 1.6.1 | 9.66 | 73.20 | 82.86 | OK | |
r-release-macos-arm64 | 1.6.1 | 42.00 | OK | |||
r-release-macos-x86_64 | 1.6.1 | 86.00 | OK | |||
r-release-windows-x86_64 | 1.6.1 | 10.00 | 92.00 | 102.00 | OK | |
r-oldrel-macos-arm64 | 1.6.1 | 40.00 | OK | |||
r-oldrel-macos-x86_64 | 1.6.1 | 75.00 | OK | |||
r-oldrel-windows-x86_64 | 1.6.1 | 13.00 | 110.00 | 123.00 | OK |
Version: 1.6.1
Check: CRAN incoming feasibility
Result: NOTE
Maintainer: ‘Gideon Bradburd <bradburd@umich.edu>’
No Authors@R field in DESCRIPTION.
Please add one, modifying
Authors@R: person(given = "Gideon",
family = "Bradburd",
role = c("aut", "cre"),
email = "bradburd@umich.edu")
as necessary.
Flavors: r-devel-linux-x86_64-debian-clang, r-devel-linux-x86_64-debian-gcc