Last updated on 2025-04-29 18:50:36 CEST.
Flavor | Version | Tinstall | Tcheck | Ttotal | Status | Flags |
---|---|---|---|---|---|---|
r-devel-linux-x86_64-debian-clang | 0.1.3 | 5.53 | 54.09 | 59.62 | NOTE | |
r-devel-linux-x86_64-debian-gcc | 0.1.3 | 3.93 | 37.53 | 41.46 | NOTE | |
r-devel-linux-x86_64-fedora-clang | 0.1.3 | 95.49 | OK | |||
r-devel-linux-x86_64-fedora-gcc | 0.1.3 | 95.56 | OK | |||
r-devel-windows-x86_64 | 0.1.3 | 8.00 | 77.00 | 85.00 | OK | |
r-patched-linux-x86_64 | 0.1.3 | 5.91 | 50.68 | 56.59 | OK | |
r-release-linux-x86_64 | 0.1.3 | 4.94 | 50.52 | 55.46 | OK | |
r-release-macos-arm64 | 0.1.3 | 39.00 | OK | |||
r-release-macos-x86_64 | 0.1.3 | 51.00 | OK | |||
r-release-windows-x86_64 | 0.1.3 | 8.00 | 76.00 | 84.00 | OK | |
r-oldrel-macos-arm64 | 0.1.3 | 29.00 | OK | |||
r-oldrel-macos-x86_64 | 0.1.3 | 43.00 | OK | |||
r-oldrel-windows-x86_64 | 0.1.3 | 10.00 | 86.00 | 96.00 | OK |
Version: 0.1.3
Check: examples
Result: NOTE
Examples with CPU (user + system) or elapsed time > 5s
user system elapsed
AutoTransQF 13.532 0.1 16.398
Flavor: r-devel-linux-x86_64-debian-clang
Version: 0.1.3
Check: examples
Result: NOTE
Examples with CPU (user + system) or elapsed time > 5s
user system elapsed
AutoTransQF 6.25 0.235 7.594
Flavor: r-devel-linux-x86_64-debian-gcc