CRAN Package Check Results for Package AlleleRetain

Last updated on 2025-04-29 18:50:36 CEST.

Flavor Version Tinstall Tcheck Ttotal Status Flags
r-devel-linux-x86_64-debian-clang 2.0.2 3.65 25.73 29.38 NOTE
r-devel-linux-x86_64-debian-gcc 2.0.2 2.62 19.50 22.12 NOTE
r-devel-linux-x86_64-fedora-clang 2.0.2 46.89 OK
r-devel-linux-x86_64-fedora-gcc 2.0.2 48.43 OK
r-devel-windows-x86_64 2.0.2 5.00 44.00 49.00 OK
r-patched-linux-x86_64 2.0.2 4.23 24.68 28.91 OK
r-release-linux-x86_64 2.0.2 4.24 24.90 29.14 OK
r-release-macos-arm64 2.0.2 20.00 OK
r-release-macos-x86_64 2.0.2 43.00 OK
r-release-windows-x86_64 2.0.2 4.00 46.00 50.00 OK
r-oldrel-macos-arm64 2.0.2 22.00 OK
r-oldrel-macos-x86_64 2.0.2 27.00 OK
r-oldrel-windows-x86_64 2.0.2 5.00 47.00 52.00 OK

Check Details

Version: 2.0.2
Check: CRAN incoming feasibility
Result: NOTE Maintainer: ‘Emily Weiser <emily.l.weiser@gmail.com>’ No Authors@R field in DESCRIPTION. Please add one, modifying Authors@R: c(person(given = c("Emily", "L."), family = "Weiser", role = "aut"), person(given = "Emily", family = "Weiser", role = "cre", email = "emily.l.weiser@gmail.com")) as necessary. Package CITATION file contains call(s) to old-style personList() or as.personList(). Please use c() on person objects instead. Package CITATION file contains call(s) to old-style citEntry(). Please use bibentry() instead. Flavors: r-devel-linux-x86_64-debian-clang, r-devel-linux-x86_64-debian-gcc