Last updated on 2025-11-04 05:51:04 CET.
| Flavor | Version | Tinstall | Tcheck | Ttotal | Status | Flags | 
|---|---|---|---|---|---|---|
| r-devel-linux-x86_64-debian-clang | 1.0.8 | 13.88 | 268.52 | 282.40 | OK | |
| r-devel-linux-x86_64-debian-gcc | 1.0.8 | 10.39 | 183.89 | 194.28 | OK | |
| r-devel-linux-x86_64-fedora-clang | 1.0.8 | 31.00 | 382.45 | 413.45 | OK | |
| r-devel-linux-x86_64-fedora-gcc | 1.0.8 | 28.00 | 382.61 | 410.61 | OK | |
| r-devel-windows-x86_64 | 1.0.8 | 15.00 | 228.00 | 243.00 | OK | |
| r-patched-linux-x86_64 | 1.0.8 | 14.22 | 250.15 | 264.37 | OK | |
| r-release-linux-x86_64 | 1.0.8 | 14.36 | 251.60 | 265.96 | OK | |
| r-release-macos-arm64 | 1.0.8 | 5.00 | 85.00 | 90.00 | OK | |
| r-release-macos-x86_64 | 1.0.8 | 11.00 | 235.00 | 246.00 | OK | |
| r-release-windows-x86_64 | 1.0.8 | 16.00 | 216.00 | 232.00 | OK | |
| r-oldrel-macos-arm64 | 1.0.8 | 6.00 | 92.00 | 98.00 | NOTE | |
| r-oldrel-macos-x86_64 | 1.0.8 | 11.00 | 181.00 | 192.00 | NOTE | |
| r-oldrel-windows-x86_64 | 1.0.8 | 22.00 | 296.00 | 318.00 | NOTE | 
Version: 1.0.8
Check: installed package size
Result: NOTE
    installed size is  5.9Mb
    sub-directories of 1Mb or more:
      doc   5.3Mb
Flavors: r-oldrel-macos-arm64, r-oldrel-macos-x86_64, r-oldrel-windows-x86_64