Last updated on 2025-04-29 06:49:36 CEST.
Flavor | Version | Tinstall | Tcheck | Ttotal | Status | Flags |
---|---|---|---|---|---|---|
r-devel-linux-x86_64-debian-clang | 0.1.5 | 8.57 | 75.19 | 83.76 | OK | |
r-devel-linux-x86_64-debian-gcc | 0.1.5 | 6.19 | 61.07 | 67.26 | NOTE | |
r-devel-linux-x86_64-fedora-clang | 0.1.5 | 127.35 | OK | |||
r-devel-linux-x86_64-fedora-gcc | 0.1.5 | 125.54 | OK | |||
r-devel-windows-x86_64 | 0.1.5 | 9.00 | 97.00 | 106.00 | OK | |
r-patched-linux-x86_64 | 0.1.5 | 8.62 | 74.89 | 83.51 | OK | |
r-release-linux-x86_64 | 0.1.5 | 7.81 | 73.94 | 81.75 | OK | |
r-release-macos-arm64 | 0.1.5 | 50.00 | OK | |||
r-release-macos-x86_64 | 0.1.5 | 77.00 | OK | |||
r-release-windows-x86_64 | 0.1.5 | 9.00 | 86.00 | 95.00 | OK | |
r-oldrel-macos-arm64 | 0.1.5 | 39.00 | OK | |||
r-oldrel-macos-x86_64 | 0.1.5 | 61.00 | OK | |||
r-oldrel-windows-x86_64 | 0.1.5 | 14.00 | 103.00 | 117.00 | OK |
Version: 0.1.5
Check: CRAN incoming feasibility
Result: NOTE
Maintainer: ‘Elisabeth Dahlqwist <elisabeth.dahlqwist88@gmail.com>’
No Authors@R field in DESCRIPTION.
Please add one, modifying
Authors@R: c(person(given = "Elisabeth",
family = "Dahlqwist",
role = c("aut", "cre"),
email = "elisabeth.dahlqwist88@gmail.com"),
person(given = "Arvid",
family = "Sjolander",
role = "aut"))
as necessary.
Flavor: r-devel-linux-x86_64-debian-gcc
Version: 0.1.5
Check: examples
Result: NOTE
Examples with CPU (user + system) or elapsed time > 5s
user system elapsed
AFcoxph 5.837 0.099 3.616
Flavor: r-devel-linux-x86_64-debian-gcc