Last updated on 2025-11-04 05:51:04 CET.
| Flavor | Version | Tinstall | Tcheck | Ttotal | Status | Flags | 
|---|---|---|---|---|---|---|
| r-devel-linux-x86_64-debian-clang | 1.1 | 2.74 | 21.90 | 24.64 | NOTE | |
| r-devel-linux-x86_64-debian-gcc | 1.1 | 1.78 | 15.86 | 17.64 | NOTE | |
| r-devel-linux-x86_64-fedora-clang | 1.1 | 35.50 | OK | |||
| r-devel-linux-x86_64-fedora-gcc | 1.1 | 33.04 | OK | |||
| r-devel-windows-x86_64 | 1.1 | 6.00 | 52.00 | 58.00 | OK | |
| r-patched-linux-x86_64 | 1.1 | 1.97 | 20.66 | 22.63 | OK | |
| r-release-linux-x86_64 | 1.1 | 2.14 | 19.51 | 21.65 | OK | |
| r-release-macos-arm64 | 1.1 | 1.00 | 13.00 | 14.00 | OK | |
| r-release-macos-x86_64 | 1.1 | 2.00 | 22.00 | 24.00 | OK | |
| r-release-windows-x86_64 | 1.1 | 3.00 | 51.00 | 54.00 | OK | |
| r-oldrel-macos-arm64 | 1.1 | 1.00 | 17.00 | 18.00 | OK | |
| r-oldrel-macos-x86_64 | 1.1 | 2.00 | 20.00 | 22.00 | OK | |
| r-oldrel-windows-x86_64 | 1.1 | 5.00 | 53.00 | 58.00 | OK | 
Version: 1.1
Check: CRAN incoming feasibility
Result: NOTE
  Maintainer: ‘Daniel Amorese  <amorese@ipgp.fr>’
  
  No Authors@R field in DESCRIPTION.
  Please add one, modifying
    Authors@R: person(given = "Daniel",
                      family = "Amorese",
                      role = c("aut", "cre"),
                      email = "amorese@ipgp.fr")
  as necessary.
Flavors: r-devel-linux-x86_64-debian-clang, r-devel-linux-x86_64-debian-gcc