Last updated on 2024-05-07 18:50:07 CEST.
Flavor | Version | Tinstall | Tcheck | Ttotal | Status | Flags |
---|---|---|---|---|---|---|
r-devel-linux-x86_64-debian-clang | 0.7.0 | 8.51 | 74.61 | 83.12 | NOTE | |
r-devel-linux-x86_64-debian-gcc | 0.7.0 | 5.89 | 57.24 | 63.13 | ERROR | |
r-devel-linux-x86_64-fedora-clang | 0.7.0 | 108.13 | NOTE | |||
r-devel-linux-x86_64-fedora-gcc | 0.7.0 | 165.86 | NOTE | |||
r-devel-windows-x86_64 | 0.7.0 | 9.00 | 77.00 | 86.00 | NOTE | |
r-patched-linux-x86_64 | 0.7.0 | 5.94 | 73.06 | 79.00 | NOTE | |
r-release-linux-x86_64 | 0.7.0 | 4.73 | 72.71 | 77.44 | NOTE | |
r-release-macos-arm64 | 0.7.0 | 39.00 | NOTE | |||
r-release-windows-x86_64 | 0.7.0 | 8.00 | 78.00 | 86.00 | NOTE | |
r-oldrel-macos-arm64 | 0.7.0 | 51.00 | OK | |||
r-oldrel-macos-x86_64 | 0.7.0 | 62.00 | OK | |||
r-oldrel-windows-x86_64 | 0.7.0 | 11.00 | 86.00 | 97.00 | OK |
Version: 0.7.0
Check: Rd files
Result: NOTE
checkRd: (-1) milakes.Rd:10: Lost braces in \itemize; meant \describe ?
checkRd: (-1) milakes.Rd:11: Lost braces in \itemize; meant \describe ?
checkRd: (-1) milakes.Rd:12: Lost braces in \itemize; meant \describe ?
checkRd: (-1) milakes.Rd:13: Lost braces in \itemize; meant \describe ?
checkRd: (-1) milakes.Rd:14: Lost braces in \itemize; meant \describe ?
checkRd: (-1) milakes.Rd:15: Lost braces in \itemize; meant \describe ?
checkRd: (-1) milakes.Rd:16: Lost braces in \itemize; meant \describe ?
checkRd: (-1) milakes.Rd:17: Lost braces in \itemize; meant \describe ?
checkRd: (-1) milakes.Rd:18: Lost braces in \itemize; meant \describe ?
checkRd: (-1) milakes.Rd:19: Lost braces in \itemize; meant \describe ?
checkRd: (-1) milakes.Rd:20: Lost braces in \itemize; meant \describe ?
checkRd: (-1) milakes.Rd:21: Lost braces in \itemize; meant \describe ?
checkRd: (-1) milakes.Rd:22: Lost braces in \itemize; meant \describe ?
Flavors: r-devel-linux-x86_64-debian-clang, r-devel-linux-x86_64-debian-gcc, r-devel-linux-x86_64-fedora-clang, r-devel-linux-x86_64-fedora-gcc, r-devel-windows-x86_64, r-patched-linux-x86_64, r-release-linux-x86_64, r-release-macos-arm64, r-release-windows-x86_64
Version: 0.7.0
Check: tests
Result: ERROR
Running ‘testthat.R’ [2s/13s]
Running the tests in ‘tests/testthat.R’ failed.
Complete output:
> library(testthat)
> library(wikilake)
Loading required package: maps
>
> test_check("wikilake")
[ FAIL 1 | WARN 0 | SKIP 3 | PASS 0 ]
══ Skipped tests (3) ═══════════════════════════════════════════════════════════
• On CRAN (3): 'test-lake_wiki.R:4:3', 'test-lake_wiki.R:18:3',
'test-lake_wiki.R:27:3'
══ Failed tests ════════════════════════════════════════════════════════════════
── Error ('test-lake_wiki.R:34:3'): lake_wiki fails well when there is no infobox ──
Error in `curl::curl_fetch_memory(url, handle = handle)`: Timeout was reached: [en.wikipedia.org] Failed to connect to en.wikipedia.org port 443 after 10002 ms: Timeout was reached
Backtrace:
▆
1. ├─testthat::expect_s3_class(...) at test-lake_wiki.R:34:3
2. │ └─testthat::quasi_label(enquo(object), arg = "object")
3. │ └─rlang::eval_bare(expr, quo_get_env(quo))
4. └─wikilake::lake_wiki(c("Elk River Chain of Lakes Watershed", "Lake Mendota"))
5. └─base::lapply(lake_name, function(x) .lake_wiki(x, map = map))
6. └─wikilake (local) FUN(X[[i]], ...)
7. └─wikilake (local) .lake_wiki(x, map = map)
8. └─wikilake:::get_lake_wiki(lake_name)
9. └─WikipediR::page_info("en", "wikipedia", page = lake_name)
10. └─WikipediR::query(...)
11. └─httr::GET(...)
12. └─httr:::request_perform(req, hu$handle$handle)
13. ├─httr:::request_fetch(req$output, req$url, handle)
14. └─httr:::request_fetch.write_memory(req$output, req$url, handle)
15. └─curl::curl_fetch_memory(url, handle = handle)
[ FAIL 1 | WARN 0 | SKIP 3 | PASS 0 ]
Error: Test failures
Execution halted
Flavor: r-devel-linux-x86_64-debian-gcc