Last updated on 2024-04-30 06:57:45 CEST.
Flavor | Version | Tinstall | Tcheck | Ttotal | Status | Flags |
---|---|---|---|---|---|---|
r-devel-linux-x86_64-debian-clang | 0.8-5 | 16.03 | 245.39 | 261.42 | NOTE | |
r-devel-linux-x86_64-debian-gcc | 0.8-5 | 12.16 | 180.77 | 192.93 | NOTE | |
r-devel-linux-x86_64-fedora-clang | 0.8-5 | 321.99 | NOTE | |||
r-devel-linux-x86_64-fedora-gcc | 0.8-5 | 333.18 | NOTE | |||
r-devel-windows-x86_64 | 0.8-5 | 16.00 | 205.00 | 221.00 | NOTE | |
r-patched-linux-x86_64 | 0.8-5 | 17.33 | 230.17 | 247.50 | NOTE | |
r-release-linux-x86_64 | 0.8-5 | 9.79 | 230.40 | 240.19 | NOTE | |
r-release-macos-arm64 | 0.8-5 | 106.00 | NOTE | |||
r-release-windows-x86_64 | 0.8-5 | 15.00 | 203.00 | 218.00 | NOTE | |
r-oldrel-macos-arm64 | 0.8-5 | 91.00 | OK | |||
r-oldrel-macos-x86_64 | 0.8-5 | 178.00 | OK | |||
r-oldrel-windows-x86_64 | 0.8-5 | 18.00 | 258.00 | 276.00 | OK |
Version: 0.8-5
Check: Rd files
Result: NOTE
checkRd: (-1) datasets.Rd:15: Lost braces
15 | and dimension information (\code{dim} or code{length}) of each item,
| ^
Flavors: r-devel-linux-x86_64-debian-clang, r-devel-linux-x86_64-debian-gcc, r-devel-linux-x86_64-fedora-clang, r-devel-linux-x86_64-fedora-gcc, r-devel-windows-x86_64, r-patched-linux-x86_64, r-release-linux-x86_64, r-release-macos-arm64, r-release-windows-x86_64
Version: 0.8-5
Check: Rd cross-references
Result: NOTE
Undeclared package ‘factoextra’ in Rd xrefs
Flavor: r-devel-linux-x86_64-fedora-clang