Last updated on 2024-05-05 18:53:54 CEST.
Flavor | Version | Tinstall | Tcheck | Ttotal | Status | Flags |
---|---|---|---|---|---|---|
r-devel-linux-x86_64-debian-clang | 0.3.8 | 16.70 | 223.25 | 239.95 | NOTE | |
r-devel-linux-x86_64-debian-gcc | 0.3.8 | 10.93 | 162.12 | 173.05 | NOTE | |
r-devel-linux-x86_64-fedora-clang | 0.3.8 | 300.55 | NOTE | |||
r-devel-linux-x86_64-fedora-gcc | 0.3.8 | 287.38 | NOTE | |||
r-devel-windows-x86_64 | 0.3.8 | 12.00 | 167.00 | 179.00 | NOTE | |
r-patched-linux-x86_64 | 0.3.8 | 13.52 | 208.69 | 222.21 | NOTE | |
r-release-linux-x86_64 | 0.3.8 | 9.09 | 213.97 | 223.06 | NOTE | |
r-release-macos-arm64 | 0.3.8 | 72.00 | NOTE | |||
r-release-windows-x86_64 | 0.3.8 | 13.00 | 167.00 | 180.00 | NOTE | |
r-oldrel-macos-arm64 | 0.3.8 | 85.00 | NOTE | |||
r-oldrel-macos-x86_64 | 0.3.8 | 140.00 | NOTE | |||
r-oldrel-windows-x86_64 | 0.3.8 | 16.00 | 214.00 | 230.00 | NOTE |
Version: 0.3.8
Check: package dependencies
Result: NOTE
Package which this enhances but not available for checking: ‘sl3’
Flavors: r-devel-linux-x86_64-debian-clang, r-devel-linux-x86_64-debian-gcc, r-devel-linux-x86_64-fedora-clang, r-devel-linux-x86_64-fedora-gcc, r-devel-windows-x86_64, r-patched-linux-x86_64, r-release-linux-x86_64, r-release-macos-arm64, r-release-windows-x86_64, r-oldrel-macos-arm64, r-oldrel-macos-x86_64, r-oldrel-windows-x86_64
Version: 0.3.8
Check: Rd files
Result: NOTE
checkRd: (-1) est_g_exp.Rd:55: Lost braces; missing escapes or markup?
55 | {A - delta}, {A + delta}, and {A + 2 * delta}).
| ^
checkRd: (-1) est_g_exp.Rd:55: Lost braces; missing escapes or markup?
55 | {A - delta}, {A + delta}, and {A + 2 * delta}).
| ^
checkRd: (-1) est_g_exp.Rd:55: Lost braces; missing escapes or markup?
55 | {A - delta}, {A + delta}, and {A + 2 * delta}).
| ^
Flavors: r-devel-linux-x86_64-debian-clang, r-devel-linux-x86_64-debian-gcc, r-devel-linux-x86_64-fedora-clang, r-devel-linux-x86_64-fedora-gcc, r-devel-windows-x86_64, r-patched-linux-x86_64, r-release-linux-x86_64, r-release-macos-arm64, r-release-windows-x86_64