Last updated on 2024-05-05 07:06:33 CEST.
Flavor | Version | Tinstall | Tcheck | Ttotal | Status | Flags |
---|---|---|---|---|---|---|
r-devel-linux-x86_64-debian-clang | 1.2.1 | 28.54 | 189.43 | 217.97 | OK | |
r-devel-linux-x86_64-debian-gcc | 1.2.1 | 22.02 | 135.82 | 157.84 | OK | |
r-devel-linux-x86_64-fedora-clang | 1.2.1 | 282.85 | NOTE | |||
r-devel-linux-x86_64-fedora-gcc | 1.2.1 | 265.59 | OK | |||
r-devel-windows-x86_64 | 1.2.1 | 22.00 | 143.00 | 165.00 | OK | |
r-patched-linux-x86_64 | 1.2.1 | 26.30 | 173.49 | 199.79 | OK | |
r-release-linux-x86_64 | 1.2.1 | 18.85 | 174.27 | 193.12 | OK | |
r-release-macos-arm64 | 1.2.1 | 67.00 | OK | |||
r-release-macos-x86_64 | 1.2.1 | 190.00 | OK | |||
r-release-windows-x86_64 | 1.2.1 | 23.00 | 148.00 | 171.00 | OK | |
r-oldrel-macos-arm64 | 1.2.1 | 73.00 | OK | |||
r-oldrel-macos-x86_64 | 1.2.1 | 156.00 | OK | |||
r-oldrel-windows-x86_64 | 1.2.1 | 32.00 | 177.00 | 209.00 | OK |
Version: 1.2.1
Check: package dependencies
Result: NOTE
Imports includes 24 non-default packages.
Importing from so many packages makes the package vulnerable to any of
them becoming unavailable. Move as many as possible to Suggests and
use conditionally.
Flavor: r-devel-linux-x86_64-fedora-clang